{"id":14939,"date":"2025-06-17T02:21:54","date_gmt":"2025-06-17T01:21:54","guid":{"rendered":"https:\/\/swiss-education-company.ch\/vagas\/professor-de-fisica\/"},"modified":"2025-06-17T02:22:01","modified_gmt":"2025-06-17T01:22:01","slug":"professor-de-fisica","status":"publish","type":"page","link":"https:\/\/swiss-education-company.ch\/pt\/vagas\/professor-de-fisica\/","title":{"rendered":"Professor de f\u00edsica"},"content":{"rendered":"\t\t<div data-elementor-type=\"wp-page\" data-elementor-id=\"14939\" class=\"elementor elementor-14939 elementor-11566\" data-elementor-post-type=\"page\">\n\t\t\t\t<div class=\"elementor-element elementor-element-3d335e8 e-flex e-con-boxed e-con e-parent\" data-id=\"3d335e8\" data-element_type=\"container\" data-e-type=\"container\">\n\t\t\t\t\t<div class=\"e-con-inner\">\n\t\t<div class=\"elementor-element elementor-element-7d9747c3 e-con-full e-flex e-con e-child\" data-id=\"7d9747c3\" data-element_type=\"container\" data-e-type=\"container\">\n\t\t\t\t<div class=\"elementor-element elementor-element-1a81429b elementor-widget elementor-widget-text-editor\" data-id=\"1a81429b\" data-element_type=\"widget\" data-e-type=\"widget\" data-settings=\"{&quot;ekit_we_effect_on&quot;:&quot;none&quot;}\" data-widget_type=\"text-editor.default\">\n\t\t\t\t<div class=\"elementor-widget-container\">\n\t\t\t\t\t\t\t\t\t<p>Estamos \u00e0 procura de um novo funcion\u00e1rio para a nossa <a title=\"Escola de cosm\u00e9tica em Zurique\" href=\"https:\/\/swiss-beauty-and-hair-academy.ch\/kosmetikschule\/\">escola de cosm\u00e9tica<\/a> com efeito imediato ou por acordo:<\/p>\t\t\t\t\t\t\t\t<\/div>\n\t\t\t\t<\/div>\n\t\t\t\t<div class=\"elementor-element elementor-element-7db29959 elementor-widget elementor-widget-heading\" data-id=\"7db29959\" data-element_type=\"widget\" data-e-type=\"widget\" data-settings=\"{&quot;ekit_we_effect_on&quot;:&quot;none&quot;}\" data-widget_type=\"heading.default\">\n\t\t\t\t<div class=\"elementor-widget-container\">\n\t\t\t\t\t<h1 class=\"elementor-heading-title elementor-size-default\">Professor de f\u00edsica numa escola de beleza, a tempo parcial, m\/f<\/h1>\t\t\t\t<\/div>\n\t\t\t\t<\/div>\n\t\t\t\t<div class=\"elementor-element elementor-element-7c7de30c elementor-widget elementor-widget-text-editor\" data-id=\"7c7de30c\" data-element_type=\"widget\" data-e-type=\"widget\" data-settings=\"{&quot;ekit_we_effect_on&quot;:&quot;none&quot;}\" data-widget_type=\"text-editor.default\">\n\t\t\t\t<div class=\"elementor-widget-container\">\n\t\t\t\t\t\t\t\t\t<p>A f\u00edsica no contexto dos cursos de depila\u00e7\u00e3o a laser<\/p>\t\t\t\t\t\t\t\t<\/div>\n\t\t\t\t<\/div>\n\t\t\t\t<\/div>\n\t\t<div class=\"elementor-element elementor-element-6b8df77f e-con-full e-flex e-con e-child\" data-id=\"6b8df77f\" data-element_type=\"container\" data-e-type=\"container\">\n\t\t\t\t<div class=\"elementor-element elementor-element-f604069 elementor-widget elementor-widget-image\" data-id=\"f604069\" data-element_type=\"widget\" data-e-type=\"widget\" data-settings=\"{&quot;ekit_we_effect_on&quot;:&quot;none&quot;}\" data-widget_type=\"image.default\">\n\t\t\t\t<div class=\"elementor-widget-container\">\n\t\t\t\t\t\t\t\t\t\t\t\t\t\t\t<img fetchpriority=\"high\" decoding=\"async\" width=\"640\" height=\"427\" src=\"https:\/\/swiss-education-company.ch\/wp-content\/uploads\/2024\/01\/top_kosmetik-6.jpg\" class=\"attachment-large size-large wp-image-14492\" alt=\"\" srcset=\"https:\/\/swiss-education-company.ch\/wp-content\/uploads\/2024\/01\/top_kosmetik-6.jpg 640w, https:\/\/swiss-education-company.ch\/wp-content\/uploads\/2024\/01\/top_kosmetik-6-300x200.jpg 300w\" sizes=\"(max-width: 640px) 100vw, 640px\" \/>\t\t\t\t\t\t\t\t\t\t\t\t\t\t\t<\/div>\n\t\t\t\t<\/div>\n\t\t\t\t<\/div>\n\t\t\t\t\t<\/div>\n\t\t\t\t<\/div>\n\t\t<div class=\"elementor-element elementor-element-200a29bb e-flex e-con-boxed e-con e-parent\" data-id=\"200a29bb\" data-element_type=\"container\" data-e-type=\"container\" data-settings=\"{&quot;background_background&quot;:&quot;classic&quot;}\">\n\t\t\t\t\t<div class=\"e-con-inner\">\n\t\t\t\t<div class=\"elementor-element elementor-element-6f1b862a elementor-widget elementor-widget-text-editor\" data-id=\"6f1b862a\" data-element_type=\"widget\" data-e-type=\"widget\" data-settings=\"{&quot;ekit_we_effect_on&quot;:&quot;none&quot;}\" data-widget_type=\"text-editor.default\">\n\t\t\t\t<div class=\"elementor-widget-container\">\n\t\t\t\t\t\t\t\t\t<h3>Tarefas:<\/h3><ul><li>Formar os participantes dos nossos cursos de beleza especializados em teoria, especialmente em f\u00edsica <\/li><li>Prepara\u00e7\u00e3o de documentos, bem como prepara\u00e7\u00e3o e acompanhamento das tuas pr\u00f3prias aulas<\/li><li>Realiza\u00e7\u00e3o de exames te\u00f3ricos<\/li><\/ul><h3>Requisitos:<\/h3><ul><li>Conhecimentos lingu\u00edsticos: Alem\u00e3o <em>e outras l\u00ednguas (especialmente ingl\u00eas, franc\u00eas, espanhol e portugu\u00eas) dispon\u00edveis<\/em><\/li><li>Licenciatura em F\u00edsica ou numa \u00e1rea semelhante e, pelo menos, 3 anos de experi\u00eancia profissional<\/li><li>Em alternativa, um professor com um diploma de PH e conhecimentos de f\u00edsica (radia\u00e7\u00e3o \u00f3tica e frequ\u00eancias) \u00e9 tamb\u00e9m uma op\u00e7\u00e3o<\/li><li>Boa capacidade de apresenta\u00e7\u00e3o e capacidade de explicar quest\u00f5es complexas em termos simples<\/li><li>Pelo menos 2 anos de experi\u00eancia na forma\u00e7\u00e3o de aprendizes ou adultos<\/li><li>Autoridade natural e paci\u00eancia<\/li><li>Forma\u00e7\u00e3o complementar opcional como treinador, instrutor ou formador no dom\u00ednio da metodologia e da did\u00e1tica<\/li><\/ul><h3>N\u00f3s oferecemos-te:<\/h3><ul><li>Equipa bem organizada com um ambiente de trabalho agrad\u00e1vel<br>Condi\u00e7\u00f5es de trabalho interessantes<\/li><li>Potencial de desenvolvimento e de assun\u00e7\u00e3o de maiores responsabilidades<\/li><li>Carga hor\u00e1ria a tempo parcial de cerca de 10 a 30% (dependendo das compet\u00eancias lingu\u00edsticas e do n\u00famero de aulas)<\/li><\/ul><p>Vives na Su\u00ed\u00e7a ou na UE e est\u00e1s interessado? Ent\u00e3o, esperamos receber a tua candidatura completa com fotografia por correio eletr\u00f3nico para esta posi\u00e7\u00e3o. <\/p><p><strong>Swiss Education Company, D\u00fcbendorfstrasse 2, 8051 Zurique, Email: <a href=\"mailto:hr@sbacademy.ch\">hr@sbacademy.ch<\/a><\/strong><\/p>\t\t\t\t\t\t\t\t<\/div>\n\t\t\t\t<\/div>\n\t\t\t\t\t<\/div>\n\t\t\t\t<\/div>\n\t\t\t\t<\/div>\n\t\t","protected":false},"excerpt":{"rendered":"<p>Estamos \u00e0 procura de um novo funcion\u00e1rio para a nossa escola de cosm\u00e9tica com efeito imediato ou por acordo: Professor de f\u00edsica numa escola de beleza, a tempo parcial, m\/f A f\u00edsica no contexto dos cursos de depila\u00e7\u00e3o a laser Tarefas: Formar os participantes dos nossos cursos de beleza especializados em teoria, especialmente em f\u00edsica [&hellip;]<\/p>\n","protected":false},"author":5,"featured_media":0,"parent":14740,"menu_order":0,"comment_status":"closed","ping_status":"closed","template":"","meta":{"_seopress_robots_primary_cat":"","_seopress_titles_title":"","_seopress_titles_desc":"","_seopress_robots_index":"","site-sidebar-layout":"no-sidebar","site-content-layout":"page-builder","ast-site-content-layout":"full-width-container","site-content-style":"unboxed","site-sidebar-style":"unboxed","ast-global-header-display":"","ast-banner-title-visibility":"","ast-main-header-display":"","ast-hfb-above-header-display":"","ast-hfb-below-header-display":"","ast-hfb-mobile-header-display":"","site-post-title":"disabled","ast-breadcrumbs-content":"","ast-featured-img":"disabled","footer-sml-layout":"","ast-disable-related-posts":"","theme-transparent-header-meta":"default","adv-header-id-meta":"","stick-header-meta":"","header-above-stick-meta":"","header-main-stick-meta":"","header-below-stick-meta":"","astra-migrate-meta-layouts":"default","ast-page-background-enabled":"default","ast-page-background-meta":{"desktop":{"background-color":"var(--ast-global-color-4)","background-image":"","background-repeat":"repeat","background-position":"center center","background-size":"auto","background-attachment":"scroll","background-type":"","background-media":"","overlay-type":"","overlay-color":"","overlay-opacity":"","overlay-gradient":""},"tablet":{"background-color":"","background-image":"","background-repeat":"repeat","background-position":"center center","background-size":"auto","background-attachment":"scroll","background-type":"","background-media":"","overlay-type":"","overlay-color":"","overlay-opacity":"","overlay-gradient":""},"mobile":{"background-color":"","background-image":"","background-repeat":"repeat","background-position":"center center","background-size":"auto","background-attachment":"scroll","background-type":"","background-media":"","overlay-type":"","overlay-color":"","overlay-opacity":"","overlay-gradient":""}},"ast-content-background-meta":{"desktop":{"background-color":"var(--ast-global-color-5)","background-image":"","background-repeat":"repeat","background-position":"center center","background-size":"auto","background-attachment":"scroll","background-type":"","background-media":"","overlay-type":"","overlay-color":"","overlay-opacity":"","overlay-gradient":""},"tablet":{"background-color":"var(--ast-global-color-5)","background-image":"","background-repeat":"repeat","background-position":"center center","background-size":"auto","background-attachment":"scroll","background-type":"","background-media":"","overlay-type":"","overlay-color":"","overlay-opacity":"","overlay-gradient":""},"mobile":{"background-color":"var(--ast-global-color-5)","background-image":"","background-repeat":"repeat","background-position":"center center","background-size":"auto","background-attachment":"scroll","background-type":"","background-media":"","overlay-type":"","overlay-color":"","overlay-opacity":"","overlay-gradient":""}},"footnotes":""},"class_list":["post-14939","page","type-page","status-publish","hentry"],"_links":{"self":[{"href":"https:\/\/swiss-education-company.ch\/pt\/wp-json\/wp\/v2\/pages\/14939","targetHints":{"allow":["GET"]}}],"collection":[{"href":"https:\/\/swiss-education-company.ch\/pt\/wp-json\/wp\/v2\/pages"}],"about":[{"href":"https:\/\/swiss-education-company.ch\/pt\/wp-json\/wp\/v2\/types\/page"}],"author":[{"embeddable":true,"href":"https:\/\/swiss-education-company.ch\/pt\/wp-json\/wp\/v2\/users\/5"}],"replies":[{"embeddable":true,"href":"https:\/\/swiss-education-company.ch\/pt\/wp-json\/wp\/v2\/comments?post=14939"}],"version-history":[{"count":1,"href":"https:\/\/swiss-education-company.ch\/pt\/wp-json\/wp\/v2\/pages\/14939\/revisions"}],"predecessor-version":[{"id":14941,"href":"https:\/\/swiss-education-company.ch\/pt\/wp-json\/wp\/v2\/pages\/14939\/revisions\/14941"}],"up":[{"embeddable":true,"href":"https:\/\/swiss-education-company.ch\/pt\/wp-json\/wp\/v2\/pages\/14740"}],"wp:attachment":[{"href":"https:\/\/swiss-education-company.ch\/pt\/wp-json\/wp\/v2\/media?parent=14939"}],"curies":[{"name":"wp","href":"https:\/\/api.w.org\/{rel}","templated":true}]}}

Professor de física

<div data-elementor-type="wp-page" data-elementor-id="14939" class="elementor elementor-14939 elementor-11566" data-elementor-post-type="page">
				<div class="elementor-element elementor-element-3d335e8 e-flex e-con-boxed e-con e-parent" data-id="3d335e8" data-element_type="container" data-e-type="container">
					<div class="e-con-inner">
		<div class="elementor-element elementor-element-7d9747c3 e-con-full e-flex e-con e-child" data-id="7d9747c3" data-element_type="container" data-e-type="container">
				<div class="elementor-element elementor-element-1a81429b elementor-widget elementor-widget-text-editor" data-id="1a81429b" data-element_type="widget" data-e-type="widget" data-settings="{&quot;ekit_we_effect_on&quot;:&quot;none&quot;}" data-widget_type="text-editor.default">
				<div class="elementor-widget-container">
									<p>Estamos à procura de um novo funcionário para a nossa <a title="Escola de cosmética em Zurique" href="https://swiss-beauty-and-hair-academy.ch/kosmetikschule/">escola de cosmética</a> com efeito imediato ou por acordo:</p>								</div>
				</div>
				<div class="elementor-element elementor-element-7db29959 elementor-widget elementor-widget-heading" data-id="7db29959" data-element_type="widget" data-e-type="widget" data-settings="{&quot;ekit_we_effect_on&quot;:&quot;none&quot;}" data-widget_type="heading.default">
				<div class="elementor-widget-container">
					<h1 class="elementor-heading-title elementor-size-default">Professor de física numa escola de beleza, a tempo parcial, m/f</h1>				</div>
				</div>
				<div class="elementor-element elementor-element-7c7de30c elementor-widget elementor-widget-text-editor" data-id="7c7de30c" data-element_type="widget" data-e-type="widget" data-settings="{&quot;ekit_we_effect_on&quot;:&quot;none&quot;}" data-widget_type="text-editor.default">
				<div class="elementor-widget-container">
									<p>A física no contexto dos cursos de depilação a laser</p>								</div>
				</div>
				</div>
		<div class="elementor-element elementor-element-6b8df77f e-con-full e-flex e-con e-child" data-id="6b8df77f" data-element_type="container" data-e-type="container">
				<div class="elementor-element elementor-element-f604069 elementor-widget elementor-widget-image" data-id="f604069" data-element_type="widget" data-e-type="widget" data-settings="{&quot;ekit_we_effect_on&quot;:&quot;none&quot;}" data-widget_type="image.default">
				<div class="elementor-widget-container">
															<img fetchpriority="high" decoding="async" width="640" height="427" src="https://swiss-education-company.ch/wp-content/uploads/2024/01/top_kosmetik-6.jpg" class="attachment-large size-large wp-image-14492" alt="" srcset="https://swiss-education-company.ch/wp-content/uploads/2024/01/top_kosmetik-6.jpg 640w, https://swiss-education-company.ch/wp-content/uploads/2024/01/top_kosmetik-6-300x200.jpg 300w" sizes="(max-width: 640px) 100vw, 640px" />															</div>
				</div>
				</div>
					</div>
				</div>
		<div class="elementor-element elementor-element-200a29bb e-flex e-con-boxed e-con e-parent" data-id="200a29bb" data-element_type="container" data-e-type="container" data-settings="{&quot;background_background&quot;:&quot;classic&quot;}">
					<div class="e-con-inner">
				<div class="elementor-element elementor-element-6f1b862a elementor-widget elementor-widget-text-editor" data-id="6f1b862a" data-element_type="widget" data-e-type="widget" data-settings="{&quot;ekit_we_effect_on&quot;:&quot;none&quot;}" data-widget_type="text-editor.default">
				<div class="elementor-widget-container">
									<h3>Tarefas:</h3><ul><li>Formar os participantes dos nossos cursos de beleza especializados em teoria, especialmente em física </li><li>Preparação de documentos, bem como preparação e acompanhamento das tuas próprias aulas</li><li>Realização de exames teóricos</li></ul><h3>Requisitos:</h3><ul><li>Conhecimentos linguísticos: Alemão <em>e outras línguas (especialmente inglês, francês, espanhol e português) disponíveis</em></li><li>Licenciatura em Física ou numa área semelhante e, pelo menos, 3 anos de experiência profissional</li><li>Em alternativa, um professor com um diploma de PH e conhecimentos de física (radiação ótica e frequências) é também uma opção</li><li>Boa capacidade de apresentação e capacidade de explicar questões complexas em termos simples</li><li>Pelo menos 2 anos de experiência na formação de aprendizes ou adultos</li><li>Autoridade natural e paciência</li><li>Formação complementar opcional como treinador, instrutor ou formador no domínio da metodologia e da didática</li></ul><h3>Nós oferecemos-te:</h3><ul><li>Equipa bem organizada com um ambiente de trabalho agradável<br>Condições de trabalho interessantes</li><li>Potencial de desenvolvimento e de assunção de maiores responsabilidades</li><li>Carga horária a tempo parcial de cerca de 10 a 30% (dependendo das competências linguísticas e do número de aulas)</li></ul><p>Vives na Suíça ou na UE e estás interessado? Então, esperamos receber a tua candidatura completa com fotografia por correio eletrónico para esta posição. </p><p><strong>Swiss Education Company, Dübendorfstrasse 2, 8051 Zurique, Email: <a href="mailto:hr@sbacademy.ch">hr@sbacademy.ch</a></strong></p>								</div>
				</div>
					</div>
				</div>
				</div>

<p>Estamos à procura de um novo funcionário para a nossa escola de cosmética com efeito imediato ou por acordo: Professor de física numa escola de beleza, a tempo parcial, m/f A física no contexto dos cursos de depilação a laser Tarefas: Formar os participantes dos nossos cursos de beleza especializados em teoria, especialmente em física [&hellip;]</p>
