{"id":14934,"date":"2025-06-17T02:21:53","date_gmt":"2025-06-17T01:21:53","guid":{"rendered":"https:\/\/swiss-education-company.ch\/vagas\/estagiario-vendedor-e-administrativo\/"},"modified":"2025-06-17T02:22:01","modified_gmt":"2025-06-17T01:22:01","slug":"estagiario-vendedor-e-administrativo","status":"publish","type":"page","link":"https:\/\/swiss-education-company.ch\/pt\/vagas\/estagiario-vendedor-e-administrativo\/","title":{"rendered":"Estagi\u00e1rio, vendedor e administrativo"},"content":{"rendered":"\t\t<div data-elementor-type=\"wp-page\" data-elementor-id=\"14934\" class=\"elementor elementor-14934 elementor-11545\" data-elementor-post-type=\"page\">\n\t\t\t\t<div class=\"elementor-element elementor-element-76cd1a38 e-flex e-con-boxed e-con e-parent\" data-id=\"76cd1a38\" data-element_type=\"container\" data-e-type=\"container\">\n\t\t\t\t\t<div class=\"e-con-inner\">\n\t\t<div class=\"elementor-element elementor-element-fbeceb6 e-con-full e-flex e-con e-child\" data-id=\"fbeceb6\" data-element_type=\"container\" data-e-type=\"container\">\n\t\t\t\t<div class=\"elementor-element elementor-element-6c44455b elementor-widget elementor-widget-text-editor\" data-id=\"6c44455b\" data-element_type=\"widget\" data-e-type=\"widget\" data-settings=\"{&quot;ekit_we_effect_on&quot;:&quot;none&quot;}\" data-widget_type=\"text-editor.default\">\n\t\t\t\t<div class=\"elementor-widget-container\">\n\t\t\t\t\t\t\t\t\t<p>Estamos \u00e0 procura de um novo membro do pessoal para a nossa escola especializada multicultural:<\/p>\t\t\t\t\t\t\t\t<\/div>\n\t\t\t\t<\/div>\n\t\t\t\t<div class=\"elementor-element elementor-element-6828aab9 elementor-widget elementor-widget-heading\" data-id=\"6828aab9\" data-element_type=\"widget\" data-e-type=\"widget\" data-settings=\"{&quot;ekit_we_effect_on&quot;:&quot;none&quot;}\" data-widget_type=\"heading.default\">\n\t\t\t\t<div class=\"elementor-widget-container\">\n\t\t\t\t\t<h1 class=\"elementor-heading-title elementor-size-default\">Estagi\u00e1rio, vendedor e administrativo<\/h1>\t\t\t\t<\/div>\n\t\t\t\t<\/div>\n\t\t\t\t<\/div>\n\t\t<div class=\"elementor-element elementor-element-58b2f574 e-con-full e-flex e-con e-child\" data-id=\"58b2f574\" data-element_type=\"container\" data-e-type=\"container\">\n\t\t\t\t<div class=\"elementor-element elementor-element-45a007ca elementor-widget elementor-widget-image\" data-id=\"45a007ca\" data-element_type=\"widget\" data-e-type=\"widget\" data-settings=\"{&quot;ekit_we_effect_on&quot;:&quot;none&quot;}\" data-widget_type=\"image.default\">\n\t\t\t\t<div class=\"elementor-widget-container\">\n\t\t\t\t\t\t\t\t\t\t\t\t\t\t\t<img fetchpriority=\"high\" decoding=\"async\" width=\"1024\" height=\"681\" src=\"https:\/\/swiss-education-company.ch\/wp-content\/uploads\/2022\/07\/kimberly-farmer-luaakcuanvi-unsplash-1-1024x681.jpg\" class=\"attachment-large size-large wp-image-14306\" alt=\"\" srcset=\"https:\/\/swiss-education-company.ch\/wp-content\/uploads\/2022\/07\/kimberly-farmer-luaakcuanvi-unsplash-1-1024x681.jpg 1024w, https:\/\/swiss-education-company.ch\/wp-content\/uploads\/2022\/07\/kimberly-farmer-luaakcuanvi-unsplash-1-300x199.jpg 300w, https:\/\/swiss-education-company.ch\/wp-content\/uploads\/2022\/07\/kimberly-farmer-luaakcuanvi-unsplash-1-768x511.jpg 768w, https:\/\/swiss-education-company.ch\/wp-content\/uploads\/2022\/07\/kimberly-farmer-luaakcuanvi-unsplash-1-1536x1021.jpg 1536w, https:\/\/swiss-education-company.ch\/wp-content\/uploads\/2022\/07\/kimberly-farmer-luaakcuanvi-unsplash-1-2048x1362.jpg 2048w, https:\/\/swiss-education-company.ch\/wp-content\/uploads\/2022\/07\/kimberly-farmer-luaakcuanvi-unsplash-1-600x399.jpg 600w\" sizes=\"(max-width: 1024px) 100vw, 1024px\" \/>\t\t\t\t\t\t\t\t\t\t\t\t\t\t\t<\/div>\n\t\t\t\t<\/div>\n\t\t\t\t<\/div>\n\t\t\t\t\t<\/div>\n\t\t\t\t<\/div>\n\t\t<div class=\"elementor-element elementor-element-54c8ea67 e-flex e-con-boxed e-con e-parent\" data-id=\"54c8ea67\" data-element_type=\"container\" data-e-type=\"container\" data-settings=\"{&quot;background_background&quot;:&quot;classic&quot;}\">\n\t\t\t\t\t<div class=\"e-con-inner\">\n\t\t\t\t<div class=\"elementor-element elementor-element-4c6c8f29 elementor-widget elementor-widget-text-editor\" data-id=\"4c6c8f29\" data-element_type=\"widget\" data-e-type=\"widget\" data-settings=\"{&quot;ekit_we_effect_on&quot;:&quot;none&quot;}\" data-widget_type=\"text-editor.default\">\n\t\t\t\t<div class=\"elementor-widget-container\">\n\t\t\t\t\t\t\t\t\t<h3>Tarefas:<\/h3><ul><li>Consultoria e venda de servi\u00e7os, produtos e cursos de beleza<\/li><li>Apoio aos clientes, telefone, e-mail, caixa registadora e fecho di\u00e1rio <\/li><li>Registo e manuten\u00e7\u00e3o da base de clientes<\/li><li>Implementa\u00e7\u00e3o de ac\u00e7\u00f5es de angaria\u00e7\u00e3o de novos clientes<\/li><li>Faz encomendas internamente ou ao fornecedor<\/li><li>Tarefas simples de secretariado<\/li><li>Apoio na realiza\u00e7\u00e3o do invent\u00e1rio<\/li><\/ul><h3>Requisitos:<\/h3><ul><li>Licenciatura em vendas ou forma\u00e7\u00e3o equivalente, tamb\u00e9m poss\u00edvel como mudan\u00e7a de carreira<\/li><li>Possuir bons conhecimentos escritos e orais em <em><strong>alem\u00e3o<\/strong> e, se poss\u00edvel, noutras l\u00ednguas (nomeadamente ingl\u00eas, franc\u00eas, espanhol e portugu\u00eas)<\/em><\/li><li>Conhecimentos b\u00e1sicos de Windows e dos programas Microsoft Office (correio eletr\u00f3nico, Word, Excel, &#8230;)<\/li><li>Personalidade comunicativa com um forte sentido de vendas<\/li><li>Talento organizacional que gosta de trabalhar de forma independente<\/li><li>Modo de trabalho preciso e fi\u00e1vel<\/li><\/ul><h3>N\u00f3s oferecemos-te:<\/h3><ul><li>Est\u00e1gio de 12 meses<\/li><li>Ganha experi\u00eancia de trabalho pr\u00e1tica para um in\u00edcio de carreira bem sucedido<\/li><li>Equipa bem organizada, com um ambiente de trabalho agrad\u00e1vel e conhecimentos de l\u00ednguas estrangeiras<\/li><\/ul><p>Se fores adequado, existe a possibilidade de um cargo permanente ap\u00f3s a conclus\u00e3o do est\u00e1gio. A posi\u00e7\u00e3o tamb\u00e9m \u00e9 adequada para pessoas que gostariam de trabalhar a tempo parcial. <\/p><p>Vives na Su\u00ed\u00e7a ou na UE e despert\u00e1mos o teu interesse? Ent\u00e3o esperamos receber a tua candidatura completa. <\/p><p><strong>Swiss Education Company, D\u00fcbendorfstrasse 2, 8051 Zurique, Email: <a href=\"mailto:hr@sbacademy.ch\">hr@sbacademy.ch<\/a><\/strong><\/p>\t\t\t\t\t\t\t\t<\/div>\n\t\t\t\t<\/div>\n\t\t\t\t\t<\/div>\n\t\t\t\t<\/div>\n\t\t\t\t<\/div>\n\t\t","protected":false},"excerpt":{"rendered":"<p>Estamos \u00e0 procura de um novo membro do pessoal para a nossa escola especializada multicultural: Estagi\u00e1rio, vendedor e administrativo Tarefas: Consultoria e venda de servi\u00e7os, produtos e cursos de beleza Apoio aos clientes, telefone, e-mail, caixa registadora e fecho di\u00e1rio Registo e manuten\u00e7\u00e3o da base de clientes Implementa\u00e7\u00e3o de ac\u00e7\u00f5es de angaria\u00e7\u00e3o de novos clientes [&hellip;]<\/p>\n","protected":false},"author":5,"featured_media":0,"parent":14740,"menu_order":0,"comment_status":"closed","ping_status":"closed","template":"","meta":{"_seopress_robots_primary_cat":"","_seopress_titles_title":"","_seopress_titles_desc":"","_seopress_robots_index":"","site-sidebar-layout":"no-sidebar","site-content-layout":"page-builder","ast-site-content-layout":"full-width-container","site-content-style":"unboxed","site-sidebar-style":"unboxed","ast-global-header-display":"","ast-banner-title-visibility":"","ast-main-header-display":"","ast-hfb-above-header-display":"","ast-hfb-below-header-display":"","ast-hfb-mobile-header-display":"","site-post-title":"disabled","ast-breadcrumbs-content":"","ast-featured-img":"disabled","footer-sml-layout":"","ast-disable-related-posts":"","theme-transparent-header-meta":"default","adv-header-id-meta":"","stick-header-meta":"","header-above-stick-meta":"","header-main-stick-meta":"","header-below-stick-meta":"","astra-migrate-meta-layouts":"default","ast-page-background-enabled":"default","ast-page-background-meta":{"desktop":{"background-color":"var(--ast-global-color-4)","background-image":"","background-repeat":"repeat","background-position":"center center","background-size":"auto","background-attachment":"scroll","background-type":"","background-media":"","overlay-type":"","overlay-color":"","overlay-opacity":"","overlay-gradient":""},"tablet":{"background-color":"","background-image":"","background-repeat":"repeat","background-position":"center center","background-size":"auto","background-attachment":"scroll","background-type":"","background-media":"","overlay-type":"","overlay-color":"","overlay-opacity":"","overlay-gradient":""},"mobile":{"background-color":"","background-image":"","background-repeat":"repeat","background-position":"center center","background-size":"auto","background-attachment":"scroll","background-type":"","background-media":"","overlay-type":"","overlay-color":"","overlay-opacity":"","overlay-gradient":""}},"ast-content-background-meta":{"desktop":{"background-color":"var(--ast-global-color-5)","background-image":"","background-repeat":"repeat","background-position":"center center","background-size":"auto","background-attachment":"scroll","background-type":"","background-media":"","overlay-type":"","overlay-color":"","overlay-opacity":"","overlay-gradient":""},"tablet":{"background-color":"var(--ast-global-color-5)","background-image":"","background-repeat":"repeat","background-position":"center center","background-size":"auto","background-attachment":"scroll","background-type":"","background-media":"","overlay-type":"","overlay-color":"","overlay-opacity":"","overlay-gradient":""},"mobile":{"background-color":"var(--ast-global-color-5)","background-image":"","background-repeat":"repeat","background-position":"center center","background-size":"auto","background-attachment":"scroll","background-type":"","background-media":"","overlay-type":"","overlay-color":"","overlay-opacity":"","overlay-gradient":""}},"footnotes":""},"class_list":["post-14934","page","type-page","status-publish","hentry"],"_links":{"self":[{"href":"https:\/\/swiss-education-company.ch\/pt\/wp-json\/wp\/v2\/pages\/14934","targetHints":{"allow":["GET"]}}],"collection":[{"href":"https:\/\/swiss-education-company.ch\/pt\/wp-json\/wp\/v2\/pages"}],"about":[{"href":"https:\/\/swiss-education-company.ch\/pt\/wp-json\/wp\/v2\/types\/page"}],"author":[{"embeddable":true,"href":"https:\/\/swiss-education-company.ch\/pt\/wp-json\/wp\/v2\/users\/5"}],"replies":[{"embeddable":true,"href":"https:\/\/swiss-education-company.ch\/pt\/wp-json\/wp\/v2\/comments?post=14934"}],"version-history":[{"count":1,"href":"https:\/\/swiss-education-company.ch\/pt\/wp-json\/wp\/v2\/pages\/14934\/revisions"}],"predecessor-version":[{"id":14936,"href":"https:\/\/swiss-education-company.ch\/pt\/wp-json\/wp\/v2\/pages\/14934\/revisions\/14936"}],"up":[{"embeddable":true,"href":"https:\/\/swiss-education-company.ch\/pt\/wp-json\/wp\/v2\/pages\/14740"}],"wp:attachment":[{"href":"https:\/\/swiss-education-company.ch\/pt\/wp-json\/wp\/v2\/media?parent=14934"}],"curies":[{"name":"wp","href":"https:\/\/api.w.org\/{rel}","templated":true}]}}

Estagiário, vendedor e administrativo

<div data-elementor-type="wp-page" data-elementor-id="14934" class="elementor elementor-14934 elementor-11545" data-elementor-post-type="page">
				<div class="elementor-element elementor-element-76cd1a38 e-flex e-con-boxed e-con e-parent" data-id="76cd1a38" data-element_type="container" data-e-type="container">
					<div class="e-con-inner">
		<div class="elementor-element elementor-element-fbeceb6 e-con-full e-flex e-con e-child" data-id="fbeceb6" data-element_type="container" data-e-type="container">
				<div class="elementor-element elementor-element-6c44455b elementor-widget elementor-widget-text-editor" data-id="6c44455b" data-element_type="widget" data-e-type="widget" data-settings="{&quot;ekit_we_effect_on&quot;:&quot;none&quot;}" data-widget_type="text-editor.default">
				<div class="elementor-widget-container">
									<p>Estamos à procura de um novo membro do pessoal para a nossa escola especializada multicultural:</p>								</div>
				</div>
				<div class="elementor-element elementor-element-6828aab9 elementor-widget elementor-widget-heading" data-id="6828aab9" data-element_type="widget" data-e-type="widget" data-settings="{&quot;ekit_we_effect_on&quot;:&quot;none&quot;}" data-widget_type="heading.default">
				<div class="elementor-widget-container">
					<h1 class="elementor-heading-title elementor-size-default">Estagiário, vendedor e administrativo</h1>				</div>
				</div>
				</div>
		<div class="elementor-element elementor-element-58b2f574 e-con-full e-flex e-con e-child" data-id="58b2f574" data-element_type="container" data-e-type="container">
				<div class="elementor-element elementor-element-45a007ca elementor-widget elementor-widget-image" data-id="45a007ca" data-element_type="widget" data-e-type="widget" data-settings="{&quot;ekit_we_effect_on&quot;:&quot;none&quot;}" data-widget_type="image.default">
				<div class="elementor-widget-container">
															<img fetchpriority="high" decoding="async" width="1024" height="681" src="https://swiss-education-company.ch/wp-content/uploads/2022/07/kimberly-farmer-luaakcuanvi-unsplash-1-1024x681.jpg" class="attachment-large size-large wp-image-14306" alt="" srcset="https://swiss-education-company.ch/wp-content/uploads/2022/07/kimberly-farmer-luaakcuanvi-unsplash-1-1024x681.jpg 1024w, https://swiss-education-company.ch/wp-content/uploads/2022/07/kimberly-farmer-luaakcuanvi-unsplash-1-300x199.jpg 300w, https://swiss-education-company.ch/wp-content/uploads/2022/07/kimberly-farmer-luaakcuanvi-unsplash-1-768x511.jpg 768w, https://swiss-education-company.ch/wp-content/uploads/2022/07/kimberly-farmer-luaakcuanvi-unsplash-1-1536x1021.jpg 1536w, https://swiss-education-company.ch/wp-content/uploads/2022/07/kimberly-farmer-luaakcuanvi-unsplash-1-2048x1362.jpg 2048w, https://swiss-education-company.ch/wp-content/uploads/2022/07/kimberly-farmer-luaakcuanvi-unsplash-1-600x399.jpg 600w" sizes="(max-width: 1024px) 100vw, 1024px" />															</div>
				</div>
				</div>
					</div>
				</div>
		<div class="elementor-element elementor-element-54c8ea67 e-flex e-con-boxed e-con e-parent" data-id="54c8ea67" data-element_type="container" data-e-type="container" data-settings="{&quot;background_background&quot;:&quot;classic&quot;}">
					<div class="e-con-inner">
				<div class="elementor-element elementor-element-4c6c8f29 elementor-widget elementor-widget-text-editor" data-id="4c6c8f29" data-element_type="widget" data-e-type="widget" data-settings="{&quot;ekit_we_effect_on&quot;:&quot;none&quot;}" data-widget_type="text-editor.default">
				<div class="elementor-widget-container">
									<h3>Tarefas:</h3><ul><li>Consultoria e venda de serviços, produtos e cursos de beleza</li><li>Apoio aos clientes, telefone, e-mail, caixa registadora e fecho diário </li><li>Registo e manutenção da base de clientes</li><li>Implementação de acções de angariação de novos clientes</li><li>Faz encomendas internamente ou ao fornecedor</li><li>Tarefas simples de secretariado</li><li>Apoio na realização do inventário</li></ul><h3>Requisitos:</h3><ul><li>Licenciatura em vendas ou formação equivalente, também possível como mudança de carreira</li><li>Possuir bons conhecimentos escritos e orais em <em><strong>alemão</strong> e, se possível, noutras línguas (nomeadamente inglês, francês, espanhol e português)</em></li><li>Conhecimentos básicos de Windows e dos programas Microsoft Office (correio eletrónico, Word, Excel, &#8230;)</li><li>Personalidade comunicativa com um forte sentido de vendas</li><li>Talento organizacional que gosta de trabalhar de forma independente</li><li>Modo de trabalho preciso e fiável</li></ul><h3>Nós oferecemos-te:</h3><ul><li>Estágio de 12 meses</li><li>Ganha experiência de trabalho prática para um início de carreira bem sucedido</li><li>Equipa bem organizada, com um ambiente de trabalho agradável e conhecimentos de línguas estrangeiras</li></ul><p>Se fores adequado, existe a possibilidade de um cargo permanente após a conclusão do estágio. A posição também é adequada para pessoas que gostariam de trabalhar a tempo parcial. </p><p>Vives na Suíça ou na UE e despertámos o teu interesse? Então esperamos receber a tua candidatura completa. </p><p><strong>Swiss Education Company, Dübendorfstrasse 2, 8051 Zurique, Email: <a href="mailto:hr@sbacademy.ch">hr@sbacademy.ch</a></strong></p>								</div>
				</div>
					</div>
				</div>
				</div>

<p>Estamos à procura de um novo membro do pessoal para a nossa escola especializada multicultural: Estagiário, vendedor e administrativo Tarefas: Consultoria e venda de serviços, produtos e cursos de beleza Apoio aos clientes, telefone, e-mail, caixa registadora e fecho diário Registo e manutenção da base de clientes Implementação de acções de angariação de novos clientes [&hellip;]</p>
