{"id":14852,"date":"2025-06-17T02:20:37","date_gmt":"2025-06-17T01:20:37","guid":{"rendered":"https:\/\/swiss-education-company.ch\/vagas\/professora-de-cosmetica-em-linguas-estrangeiras\/"},"modified":"2025-06-17T02:20:39","modified_gmt":"2025-06-17T01:20:39","slug":"professora-de-cosmetica-em-linguas-estrangeiras","status":"publish","type":"page","link":"https:\/\/swiss-education-company.ch\/pt\/vagas\/professora-de-cosmetica-em-linguas-estrangeiras\/","title":{"rendered":"Professora de cosm\u00e9tica em l\u00ednguas estrangeiras"},"content":{"rendered":"\t\t<div data-elementor-type=\"wp-page\" data-elementor-id=\"14852\" class=\"elementor elementor-14852 elementor-14751\" data-elementor-post-type=\"page\">\n\t\t\t\t<div class=\"elementor-element elementor-element-494336ab e-flex e-con-boxed e-con e-parent\" data-id=\"494336ab\" data-element_type=\"container\" data-e-type=\"container\">\n\t\t\t\t\t<div class=\"e-con-inner\">\n\t\t\t\t<div class=\"elementor-element elementor-element-37c6a39b elementor-widget elementor-widget-text-editor\" data-id=\"37c6a39b\" data-element_type=\"widget\" data-e-type=\"widget\" data-settings=\"{&quot;ekit_we_effect_on&quot;:&quot;none&quot;}\" data-widget_type=\"text-editor.default\">\n\t\t\t\t<div class=\"elementor-widget-container\">\n\t\t\t\t\t\t\t\t\t<p>Estamos \u00e0 procura de um novo funcion\u00e1rio para a nossa <a title=\"Escola de cosm\u00e9tica em Zurique\" href=\"https:\/\/swiss-beauty-and-hair-academy.ch\/kosmetikschule\/\">escola de cosm\u00e9tica<\/a> com efeito imediato ou por acordo:<\/p>\n<p><style>\/*! elementor - v3.23.0 - 05-08-2024 *\/<br \/>.elementor-heading-title{padding:0;margin:0;line-height:1}.elementor-widget-heading .elementor-heading-title[class*=elementor-size-]>a{color:inherit;font-size:inherit;line-height:inherit}.elementor-widget-heading .elementor-heading-title.elementor-size-small{font-size:15px}.elementor-widget-heading .elementor-heading-title.elementor-size-medium{font-size:19px}.elementor-widget-heading .elementor-heading-title.elementor-size-large{font-size:29px}.elementor-widget-heading .elementor-heading-title.elementor-size-xl{font-size:39px}.elementor-widget-heading .elementor-heading-title.elementor-size-xxl{font-size:59px}<\/style>\n<\/p>\n<h1>Professora de cosm\u00e9tica em l\u00ednguas estrangeiras, a tempo parcial<\/h1>\n<p><style>\/*! elementor - v3.23.0 - 05-08-2024 *\/<br \/>.elementor-widget-image{text-align:center}.elementor-widget-image a{display:inline-block}.elementor-widget-image a img[src$=\".svg\"]{width:48px}.elementor-widget-image img{vertical-align:middle;display:inline-block}<\/style>\n<\/p>\n<p><img fetchpriority=\"high\" decoding=\"async\" src=\"https:\/\/swiss-education-company.ch\/wp-content\/uploads\/2024\/01\/top_kosmetik-6.jpg\" sizes=\"(max-width: 640px) 100vw, 640px\" srcset=\"https:\/\/swiss-education-company.ch\/wp-content\/uploads\/2024\/01\/top_kosmetik-6.jpg 640w, https:\/\/swiss-education-company.ch\/wp-content\/uploads\/2024\/01\/top_kosmetik-6-300x200.jpg 300w\" alt=\"\" width=\"640\" height=\"427\"><\/p>\n<h3>Tarefas:<\/h3>\n<ul>\n<li>Forma\u00e7\u00e3o te\u00f3rica e pr\u00e1tica dos participantes no curso<\/li>\n<li>Prepara\u00e7\u00e3o e p\u00f3s-processamento das tuas pr\u00f3prias aulas<\/li>\n<li>Realiza\u00e7\u00e3o de exames pr\u00e1ticos e te\u00f3ricos<\/li>\n<\/ul>\n<h3>Requisitos:<\/h3>\n<ul>\n<li>Conhecimentos lingu\u00edsticos: Espanhol e ingl\u00eas (requisito obrigat\u00f3rio) <em>e com vantagem noutras l\u00ednguas<\/em><\/li>\n<li>Forma\u00e7\u00e3o como <strong>esteticista <\/strong>e, pelo menos, 3 anos de experi\u00eancia profissional<\/li>\n<li><span style=\"font-style: inherit; font-weight: inherit; text-align: var(--text-align); background-color: var(--ast-global-color-5); color: var(--ast-global-color-3);\">Pelo menos 2 anos de experi\u00eancia na forma\u00e7\u00e3o de aprendizes ou adultos<\/span><\/li>\n<li>Autoridade natural e paci\u00eancia<\/li>\n<li>Facultativo: Forma\u00e7\u00e3o complementar no dom\u00ednio da cosm\u00e9tica (por exemplo, exame de mestre-artes\u00e3o)<\/li>\n<\/ul>\n<h3>N\u00f3s oferecemos-te:<\/h3>\n<ul>\n<li>Uma equipa bem organizada e um ambiente de trabalho agrad\u00e1vel<\/li>\n<li>Condi\u00e7\u00f5es de trabalho interessantes<\/li>\n<li>Potencial de desenvolvimento e de assun\u00e7\u00e3o de maiores responsabilidades<\/li>\n<li>Carga hor\u00e1ria a tempo parcial de cerca de 20 &#8211; 60% (dependendo das compet\u00eancias lingu\u00edsticas e do n\u00famero de aulas)<\/li>\n<\/ul>\n<p>Vives na Su\u00ed\u00e7a ou na UE e est\u00e1s interessado? Ent\u00e3o esperamos receber a tua candidatura completa com fotografia por e-mail para a posi\u00e7\u00e3o de instrutor de cosm\u00e9tica. <\/p>\n<p><strong>Swiss Education Company, D\u00fcbendorfstrasse 2, 8051 Zurique, Email: <a href=\"mailto:hr@sbacademy.ch\">hr@sbacademy.ch<\/a><\/strong><\/p>\t\t\t\t\t\t\t\t<\/div>\n\t\t\t\t<\/div>\n\t\t\t\t\t<\/div>\n\t\t\t\t<\/div>\n\t\t\t\t<\/div>\n\t\t","protected":false},"excerpt":{"rendered":"<p>Estamos \u00e0 procura de um novo funcion\u00e1rio para a nossa escola de cosm\u00e9tica com efeito imediato ou por acordo: \/*! elementor &#8211; v3.23.0 &#8211; 05-08-2024 *\/.elementor-heading-title{padding:0;margin:0;line-height:1}.elementor-widget-heading .elementor-heading-title[class*=elementor-size-]&gt;a{color:inherit;font-size:inherit;line-height:inherit}.elementor-widget-heading .elementor-heading-title.elementor-size-small{font-size:15px}.elementor-widget-heading .elementor-heading-title.elementor-size-medium{font-size:19px}.elementor-widget-heading .elementor-heading-title.elementor-size-large{font-size:29px}.elementor-widget-heading .elementor-heading-title.elementor-size-xl{font-size:39px}.elementor-widget-heading .elementor-heading-title.elementor-size-xxl{font-size:59px} Professora de cosm\u00e9tica em l\u00ednguas estrangeiras, a tempo parcial \/*! elementor &#8211; v3.23.0 &#8211; 05-08-2024 *\/.elementor-widget-image{text-align:center}.elementor-widget-image a{display:inline-block}.elementor-widget-image a img[src$=&#8221;.svg&#8221;]{width:48px}.elementor-widget-image img{vertical-align:middle;display:inline-block} Tarefas: Forma\u00e7\u00e3o te\u00f3rica [&hellip;]<\/p>\n","protected":false},"author":3,"featured_media":0,"parent":14740,"menu_order":0,"comment_status":"closed","ping_status":"closed","template":"","meta":{"_seopress_robots_primary_cat":"","_seopress_titles_title":"","_seopress_titles_desc":"","_seopress_robots_index":"","site-sidebar-layout":"default","site-content-layout":"","ast-site-content-layout":"default","site-content-style":"default","site-sidebar-style":"default","ast-global-header-display":"","ast-banner-title-visibility":"","ast-main-header-display":"","ast-hfb-above-header-display":"","ast-hfb-below-header-display":"","ast-hfb-mobile-header-display":"","site-post-title":"","ast-breadcrumbs-content":"","ast-featured-img":"","footer-sml-layout":"","ast-disable-related-posts":"","theme-transparent-header-meta":"default","adv-header-id-meta":"","stick-header-meta":"","header-above-stick-meta":"","header-main-stick-meta":"","header-below-stick-meta":"","astra-migrate-meta-layouts":"default","ast-page-background-enabled":"default","ast-page-background-meta":{"desktop":{"background-color":"var(--ast-global-color-4)","background-image":"","background-repeat":"repeat","background-position":"center center","background-size":"auto","background-attachment":"scroll","background-type":"","background-media":"","overlay-type":"","overlay-color":"","overlay-opacity":"","overlay-gradient":""},"tablet":{"background-color":"","background-image":"","background-repeat":"repeat","background-position":"center center","background-size":"auto","background-attachment":"scroll","background-type":"","background-media":"","overlay-type":"","overlay-color":"","overlay-opacity":"","overlay-gradient":""},"mobile":{"background-color":"","background-image":"","background-repeat":"repeat","background-position":"center center","background-size":"auto","background-attachment":"scroll","background-type":"","background-media":"","overlay-type":"","overlay-color":"","overlay-opacity":"","overlay-gradient":""}},"ast-content-background-meta":{"desktop":{"background-color":"var(--ast-global-color-5)","background-image":"","background-repeat":"repeat","background-position":"center center","background-size":"auto","background-attachment":"scroll","background-type":"","background-media":"","overlay-type":"","overlay-color":"","overlay-opacity":"","overlay-gradient":""},"tablet":{"background-color":"var(--ast-global-color-5)","background-image":"","background-repeat":"repeat","background-position":"center center","background-size":"auto","background-attachment":"scroll","background-type":"","background-media":"","overlay-type":"","overlay-color":"","overlay-opacity":"","overlay-gradient":""},"mobile":{"background-color":"var(--ast-global-color-5)","background-image":"","background-repeat":"repeat","background-position":"center center","background-size":"auto","background-attachment":"scroll","background-type":"","background-media":"","overlay-type":"","overlay-color":"","overlay-opacity":"","overlay-gradient":""}},"footnotes":""},"class_list":["post-14852","page","type-page","status-publish","hentry"],"_links":{"self":[{"href":"https:\/\/swiss-education-company.ch\/pt\/wp-json\/wp\/v2\/pages\/14852","targetHints":{"allow":["GET"]}}],"collection":[{"href":"https:\/\/swiss-education-company.ch\/pt\/wp-json\/wp\/v2\/pages"}],"about":[{"href":"https:\/\/swiss-education-company.ch\/pt\/wp-json\/wp\/v2\/types\/page"}],"author":[{"embeddable":true,"href":"https:\/\/swiss-education-company.ch\/pt\/wp-json\/wp\/v2\/users\/3"}],"replies":[{"embeddable":true,"href":"https:\/\/swiss-education-company.ch\/pt\/wp-json\/wp\/v2\/comments?post=14852"}],"version-history":[{"count":2,"href":"https:\/\/swiss-education-company.ch\/pt\/wp-json\/wp\/v2\/pages\/14852\/revisions"}],"predecessor-version":[{"id":14857,"href":"https:\/\/swiss-education-company.ch\/pt\/wp-json\/wp\/v2\/pages\/14852\/revisions\/14857"}],"up":[{"embeddable":true,"href":"https:\/\/swiss-education-company.ch\/pt\/wp-json\/wp\/v2\/pages\/14740"}],"wp:attachment":[{"href":"https:\/\/swiss-education-company.ch\/pt\/wp-json\/wp\/v2\/media?parent=14852"}],"curies":[{"name":"wp","href":"https:\/\/api.w.org\/{rel}","templated":true}]}}

Professora de cosmética em línguas estrangeiras

<div data-elementor-type="wp-page" data-elementor-id="14852" class="elementor elementor-14852 elementor-14751" data-elementor-post-type="page">
				<div class="elementor-element elementor-element-494336ab e-flex e-con-boxed e-con e-parent" data-id="494336ab" data-element_type="container" data-e-type="container">
					<div class="e-con-inner">
				<div class="elementor-element elementor-element-37c6a39b elementor-widget elementor-widget-text-editor" data-id="37c6a39b" data-element_type="widget" data-e-type="widget" data-settings="{&quot;ekit_we_effect_on&quot;:&quot;none&quot;}" data-widget_type="text-editor.default">
				<div class="elementor-widget-container">
									<p>Estamos à procura de um novo funcionário para a nossa <a title="Escola de cosmética em Zurique" href="https://swiss-beauty-and-hair-academy.ch/kosmetikschule/">escola de cosmética</a> com efeito imediato ou por acordo:</p>
<p><style>/*! elementor - v3.23.0 - 05-08-2024 */<br />.elementor-heading-title{padding:0;margin:0;line-height:1}.elementor-widget-heading .elementor-heading-title[class*=elementor-size-]>a{color:inherit;font-size:inherit;line-height:inherit}.elementor-widget-heading .elementor-heading-title.elementor-size-small{font-size:15px}.elementor-widget-heading .elementor-heading-title.elementor-size-medium{font-size:19px}.elementor-widget-heading .elementor-heading-title.elementor-size-large{font-size:29px}.elementor-widget-heading .elementor-heading-title.elementor-size-xl{font-size:39px}.elementor-widget-heading .elementor-heading-title.elementor-size-xxl{font-size:59px}</style>
</p>
<h1>Professora de cosmética em línguas estrangeiras, a tempo parcial</h1>
<p><style>/*! elementor - v3.23.0 - 05-08-2024 */<br />.elementor-widget-image{text-align:center}.elementor-widget-image a{display:inline-block}.elementor-widget-image a img[src$=".svg"]{width:48px}.elementor-widget-image img{vertical-align:middle;display:inline-block}</style>
</p>
<p><img fetchpriority="high" decoding="async" src="https://swiss-education-company.ch/wp-content/uploads/2024/01/top_kosmetik-6.jpg" sizes="(max-width: 640px) 100vw, 640px" srcset="https://swiss-education-company.ch/wp-content/uploads/2024/01/top_kosmetik-6.jpg 640w, https://swiss-education-company.ch/wp-content/uploads/2024/01/top_kosmetik-6-300x200.jpg 300w" alt="" width="640" height="427"></p>
<h3>Tarefas:</h3>
<ul>
<li>Formação teórica e prática dos participantes no curso</li>
<li>Preparação e pós-processamento das tuas próprias aulas</li>
<li>Realização de exames práticos e teóricos</li>
</ul>
<h3>Requisitos:</h3>
<ul>
<li>Conhecimentos linguísticos: Espanhol e inglês (requisito obrigatório) <em>e com vantagem noutras línguas</em></li>
<li>Formação como <strong>esteticista </strong>e, pelo menos, 3 anos de experiência profissional</li>
<li><span style="font-style: inherit; font-weight: inherit; text-align: var(--text-align); background-color: var(--ast-global-color-5); color: var(--ast-global-color-3);">Pelo menos 2 anos de experiência na formação de aprendizes ou adultos</span></li>
<li>Autoridade natural e paciência</li>
<li>Facultativo: Formação complementar no domínio da cosmética (por exemplo, exame de mestre-artesão)</li>
</ul>
<h3>Nós oferecemos-te:</h3>
<ul>
<li>Uma equipa bem organizada e um ambiente de trabalho agradável</li>
<li>Condições de trabalho interessantes</li>
<li>Potencial de desenvolvimento e de assunção de maiores responsabilidades</li>
<li>Carga horária a tempo parcial de cerca de 20 &#8211; 60% (dependendo das competências linguísticas e do número de aulas)</li>
</ul>
<p>Vives na Suíça ou na UE e estás interessado? Então esperamos receber a tua candidatura completa com fotografia por e-mail para a posição de instrutor de cosmética. </p>
<p><strong>Swiss Education Company, Dübendorfstrasse 2, 8051 Zurique, Email: <a href="mailto:hr@sbacademy.ch">hr@sbacademy.ch</a></strong></p>								</div>
				</div>
					</div>
				</div>
				</div>

<p>Estamos à procura de um novo funcionário para a nossa escola de cosmética com efeito imediato ou por acordo: /*! elementor &#8211; v3.23.0 &#8211; 05-08-2024 */.elementor-heading-title{padding:0;margin:0;line-height:1}.elementor-widget-heading .elementor-heading-title[class*=elementor-size-]&gt;a{color:inherit;font-size:inherit;line-height:inherit}.elementor-widget-heading .elementor-heading-title.elementor-size-small{font-size:15px}.elementor-widget-heading .elementor-heading-title.elementor-size-medium{font-size:19px}.elementor-widget-heading .elementor-heading-title.elementor-size-large{font-size:29px}.elementor-widget-heading .elementor-heading-title.elementor-size-xl{font-size:39px}.elementor-widget-heading .elementor-heading-title.elementor-size-xxl{font-size:59px} Professora de cosmética em línguas estrangeiras, a tempo parcial /*! elementor &#8211; v3.23.0 &#8211; 05-08-2024 */.elementor-widget-image{text-align:center}.elementor-widget-image a{display:inline-block}.elementor-widget-image a img[src$=&#8221;.svg&#8221;]{width:48px}.elementor-widget-image img{vertical-align:middle;display:inline-block} Tarefas: Formação teórica [&hellip;]</p>
