{"id":14969,"date":"2025-06-17T02:22:12","date_gmt":"2025-06-17T01:22:12","guid":{"rendered":"https:\/\/swiss-education-company.ch\/offres-demploi\/professeur-de-stylisme-ongulaire\/"},"modified":"2025-06-17T02:22:15","modified_gmt":"2025-06-17T01:22:15","slug":"professeur-de-stylisme-ongulaire","status":"publish","type":"page","link":"https:\/\/swiss-education-company.ch\/fr\/offres-demploi\/professeur-de-stylisme-ongulaire\/","title":{"rendered":"Professeur de stylisme ongulaire"},"content":{"rendered":"\t\t<div data-elementor-type=\"wp-page\" data-elementor-id=\"14969\" class=\"elementor elementor-14969 elementor-11618\" data-elementor-post-type=\"page\">\n\t\t\t\t<div class=\"elementor-element elementor-element-4bd3986d e-flex e-con-boxed e-con e-parent\" data-id=\"4bd3986d\" data-element_type=\"container\" data-e-type=\"container\">\n\t\t\t\t\t<div class=\"e-con-inner\">\n\t\t<div class=\"elementor-element elementor-element-2add1849 e-con-full e-flex e-con e-child\" data-id=\"2add1849\" data-element_type=\"container\" data-e-type=\"container\">\n\t\t\t\t<div class=\"elementor-element elementor-element-6867f6ae elementor-widget elementor-widget-text-editor\" data-id=\"6867f6ae\" data-element_type=\"widget\" data-e-type=\"widget\" data-settings=\"{&quot;ekit_we_effect_on&quot;:&quot;none&quot;}\" data-widget_type=\"text-editor.default\">\n\t\t\t\t<div class=\"elementor-widget-container\">\n\t\t\t\t\t\t\t\t\t<p>Nous recherchons de suite ou \u00e0 convenir pour notre <a title=\"Formation au design des ongles - Formation au design des ongles\" href=\"https:\/\/swiss-beauty-and-hair-academy.ch\/nageldesign-ausbildung\/\">\u00e9cole professionnelle de Nails Designer<\/a>:<\/p>\t\t\t\t\t\t\t\t<\/div>\n\t\t\t\t<\/div>\n\t\t\t\t<div class=\"elementor-element elementor-element-32461358 elementor-widget elementor-widget-heading\" data-id=\"32461358\" data-element_type=\"widget\" data-e-type=\"widget\" data-settings=\"{&quot;ekit_we_effect_on&quot;:&quot;none&quot;}\" data-widget_type=\"heading.default\">\n\t\t\t\t<div class=\"elementor-widget-container\">\n\t\t\t\t\t<h1 class=\"elementor-heading-title elementor-size-default\">Naildesigner Enseignant(e) sp\u00e9cialis\u00e9(e), \u00e0 temps partiel<\/h1>\t\t\t\t<\/div>\n\t\t\t\t<\/div>\n\t\t\t\t<\/div>\n\t\t<div class=\"elementor-element elementor-element-da18811 e-con-full e-flex e-con e-child\" data-id=\"da18811\" data-element_type=\"container\" data-e-type=\"container\">\n\t\t\t\t<div class=\"elementor-element elementor-element-c9e5472 elementor-widget elementor-widget-image\" data-id=\"c9e5472\" data-element_type=\"widget\" data-e-type=\"widget\" data-settings=\"{&quot;ekit_we_effect_on&quot;:&quot;none&quot;}\" data-widget_type=\"image.default\">\n\t\t\t\t<div class=\"elementor-widget-container\">\n\t\t\t\t\t\t\t\t\t\t\t\t\t\t\t<img fetchpriority=\"high\" decoding=\"async\" width=\"626\" height=\"417\" src=\"https:\/\/swiss-education-company.ch\/wp-content\/uploads\/2022\/06\/beautician-filing-female-clients-nails-spa-beauty-salon_13339-236501.jpg\" class=\"attachment-large size-large wp-image-11261\" alt=\"\" srcset=\"https:\/\/swiss-education-company.ch\/wp-content\/uploads\/2022\/06\/beautician-filing-female-clients-nails-spa-beauty-salon_13339-236501.jpg 626w, https:\/\/swiss-education-company.ch\/wp-content\/uploads\/2022\/06\/beautician-filing-female-clients-nails-spa-beauty-salon_13339-236501-300x200.jpg 300w, https:\/\/swiss-education-company.ch\/wp-content\/uploads\/2022\/06\/beautician-filing-female-clients-nails-spa-beauty-salon_13339-236501-600x400.jpg 600w\" sizes=\"(max-width: 626px) 100vw, 626px\" \/>\t\t\t\t\t\t\t\t\t\t\t\t\t\t\t<\/div>\n\t\t\t\t<\/div>\n\t\t\t\t<\/div>\n\t\t\t\t\t<\/div>\n\t\t\t\t<\/div>\n\t\t<div class=\"elementor-element elementor-element-9637f40 e-flex e-con-boxed e-con e-parent\" data-id=\"9637f40\" data-element_type=\"container\" data-e-type=\"container\" data-settings=\"{&quot;background_background&quot;:&quot;classic&quot;}\">\n\t\t\t\t\t<div class=\"e-con-inner\">\n\t\t\t\t<div class=\"elementor-element elementor-element-31156ac1 elementor-widget elementor-widget-text-editor\" data-id=\"31156ac1\" data-element_type=\"widget\" data-e-type=\"widget\" data-settings=\"{&quot;ekit_we_effect_on&quot;:&quot;none&quot;}\" data-widget_type=\"text-editor.default\">\n\t\t\t\t<div class=\"elementor-widget-container\">\n\t\t\t\t\t\t\t\t\t<h3>T\u00e2ches :<\/h3><ul><li>Formation th\u00e9orique et pratique des \u00e9tudiants conform\u00e9ment au programme de formation <\/li><li>Cr\u00e9ation de documents, pr\u00e9paration et suivi de vos propres le\u00e7ons<\/li><li>R\u00e9alisation d&rsquo;examens pratiques et th\u00e9oriques<\/li><\/ul><h3>Exigences :<\/h3><ul><li>Connaissances linguistiques : Allemand et anglais (en option) Autres langues (en particulier espagnol et portugais)<\/li><li>Formation de Nails Designer et au moins 3 ans d&rsquo;exp\u00e9rience professionnelle<\/li><li>Formation continue dans le domaine des ongles et\/ou exp\u00e9rience dans la formation d&rsquo;apprentis ou d&rsquo;adultes<\/li><li>Int\u00e9r\u00eat et talent pour la profession d&rsquo;enseignant sp\u00e9cialis\u00e9 Nails Designer<\/li><\/ul><h3>Nous offrons :<\/h3><ul><li>Une \u00e9quipe motiv\u00e9e et une ambiance de travail agr\u00e9able<\/li><li>Conditions d&#8217;emploi int\u00e9ressantes<\/li><li>Potentiel de d\u00e9veloppement et de prise de responsabilit\u00e9s plus importantes<\/li><li>Temps partiel d&rsquo;environ 20 \u00e0 40% (en fonction des connaissances linguistiques et du nombre de classes)<\/li><\/ul><p>Vous habitez en Suisse ou dans l&rsquo;UE et nous avons \u00e9veill\u00e9 votre int\u00e9r\u00eat ? Dans ce cas, nous nous r\u00e9jouissons de recevoir votre candidature compl\u00e8te avec photo par e-mail. <\/p><p><strong>Swiss Beauty Academy, D\u00fcbendorfstrasse 2, 8051 Zurich, e-mail : <a href=\"mailto:hr@sbacademy.ch\">hr@sbacademy.ch<\/a><\/strong><\/p>\t\t\t\t\t\t\t\t<\/div>\n\t\t\t\t<\/div>\n\t\t\t\t\t<\/div>\n\t\t\t\t<\/div>\n\t\t\t\t<\/div>\n\t\t","protected":false},"excerpt":{"rendered":"<p>Nous recherchons de suite ou \u00e0 convenir pour notre \u00e9cole professionnelle de Nails Designer: Naildesigner Enseignant(e) sp\u00e9cialis\u00e9(e), \u00e0 temps partiel T\u00e2ches : Formation th\u00e9orique et pratique des \u00e9tudiants conform\u00e9ment au programme de formation Cr\u00e9ation de documents, pr\u00e9paration et suivi de vos propres le\u00e7ons R\u00e9alisation d&rsquo;examens pratiques et th\u00e9oriques Exigences : Connaissances linguistiques : Allemand et [&hellip;]<\/p>\n","protected":false},"author":5,"featured_media":0,"parent":14733,"menu_order":0,"comment_status":"closed","ping_status":"closed","template":"","meta":{"_seopress_robots_primary_cat":"","_seopress_titles_title":"","_seopress_titles_desc":"","_seopress_robots_index":"","site-sidebar-layout":"no-sidebar","site-content-layout":"page-builder","ast-site-content-layout":"full-width-container","site-content-style":"unboxed","site-sidebar-style":"unboxed","ast-global-header-display":"","ast-banner-title-visibility":"","ast-main-header-display":"","ast-hfb-above-header-display":"","ast-hfb-below-header-display":"","ast-hfb-mobile-header-display":"","site-post-title":"","ast-breadcrumbs-content":"","ast-featured-img":"disabled","footer-sml-layout":"","ast-disable-related-posts":"","theme-transparent-header-meta":"default","adv-header-id-meta":"","stick-header-meta":"","header-above-stick-meta":"","header-main-stick-meta":"","header-below-stick-meta":"","astra-migrate-meta-layouts":"default","ast-page-background-enabled":"default","ast-page-background-meta":{"desktop":{"background-color":"var(--ast-global-color-4)","background-image":"","background-repeat":"repeat","background-position":"center center","background-size":"auto","background-attachment":"scroll","background-type":"","background-media":"","overlay-type":"","overlay-color":"","overlay-opacity":"","overlay-gradient":""},"tablet":{"background-color":"","background-image":"","background-repeat":"repeat","background-position":"center center","background-size":"auto","background-attachment":"scroll","background-type":"","background-media":"","overlay-type":"","overlay-color":"","overlay-opacity":"","overlay-gradient":""},"mobile":{"background-color":"","background-image":"","background-repeat":"repeat","background-position":"center center","background-size":"auto","background-attachment":"scroll","background-type":"","background-media":"","overlay-type":"","overlay-color":"","overlay-opacity":"","overlay-gradient":""}},"ast-content-background-meta":{"desktop":{"background-color":"var(--ast-global-color-5)","background-image":"","background-repeat":"repeat","background-position":"center center","background-size":"auto","background-attachment":"scroll","background-type":"","background-media":"","overlay-type":"","overlay-color":"","overlay-opacity":"","overlay-gradient":""},"tablet":{"background-color":"var(--ast-global-color-5)","background-image":"","background-repeat":"repeat","background-position":"center center","background-size":"auto","background-attachment":"scroll","background-type":"","background-media":"","overlay-type":"","overlay-color":"","overlay-opacity":"","overlay-gradient":""},"mobile":{"background-color":"var(--ast-global-color-5)","background-image":"","background-repeat":"repeat","background-position":"center center","background-size":"auto","background-attachment":"scroll","background-type":"","background-media":"","overlay-type":"","overlay-color":"","overlay-opacity":"","overlay-gradient":""}},"footnotes":""},"class_list":["post-14969","page","type-page","status-publish","hentry"],"_links":{"self":[{"href":"https:\/\/swiss-education-company.ch\/fr\/wp-json\/wp\/v2\/pages\/14969","targetHints":{"allow":["GET"]}}],"collection":[{"href":"https:\/\/swiss-education-company.ch\/fr\/wp-json\/wp\/v2\/pages"}],"about":[{"href":"https:\/\/swiss-education-company.ch\/fr\/wp-json\/wp\/v2\/types\/page"}],"author":[{"embeddable":true,"href":"https:\/\/swiss-education-company.ch\/fr\/wp-json\/wp\/v2\/users\/5"}],"replies":[{"embeddable":true,"href":"https:\/\/swiss-education-company.ch\/fr\/wp-json\/wp\/v2\/comments?post=14969"}],"version-history":[{"count":1,"href":"https:\/\/swiss-education-company.ch\/fr\/wp-json\/wp\/v2\/pages\/14969\/revisions"}],"predecessor-version":[{"id":14972,"href":"https:\/\/swiss-education-company.ch\/fr\/wp-json\/wp\/v2\/pages\/14969\/revisions\/14972"}],"up":[{"embeddable":true,"href":"https:\/\/swiss-education-company.ch\/fr\/wp-json\/wp\/v2\/pages\/14733"}],"wp:attachment":[{"href":"https:\/\/swiss-education-company.ch\/fr\/wp-json\/wp\/v2\/media?parent=14969"}],"curies":[{"name":"wp","href":"https:\/\/api.w.org\/{rel}","templated":true}]}}

<div data-elementor-type="wp-page" data-elementor-id="14969" class="elementor elementor-14969 elementor-11618" data-elementor-post-type="page">
				<div class="elementor-element elementor-element-4bd3986d e-flex e-con-boxed e-con e-parent" data-id="4bd3986d" data-element_type="container" data-e-type="container">
					<div class="e-con-inner">
		<div class="elementor-element elementor-element-2add1849 e-con-full e-flex e-con e-child" data-id="2add1849" data-element_type="container" data-e-type="container">
				<div class="elementor-element elementor-element-6867f6ae elementor-widget elementor-widget-text-editor" data-id="6867f6ae" data-element_type="widget" data-e-type="widget" data-settings="{&quot;ekit_we_effect_on&quot;:&quot;none&quot;}" data-widget_type="text-editor.default">
				<div class="elementor-widget-container">
									<p>Nous recherchons de suite ou à convenir pour notre <a title="Formation au design des ongles - Formation au design des ongles" href="https://swiss-beauty-and-hair-academy.ch/nageldesign-ausbildung/">école professionnelle de Nails Designer</a>:</p>								</div>
				</div>
				<div class="elementor-element elementor-element-32461358 elementor-widget elementor-widget-heading" data-id="32461358" data-element_type="widget" data-e-type="widget" data-settings="{&quot;ekit_we_effect_on&quot;:&quot;none&quot;}" data-widget_type="heading.default">
				<div class="elementor-widget-container">
					<h1 class="elementor-heading-title elementor-size-default">Naildesigner Enseignant(e) spécialisé(e), à temps partiel</h1>				</div>
				</div>
				</div>
		<div class="elementor-element elementor-element-da18811 e-con-full e-flex e-con e-child" data-id="da18811" data-element_type="container" data-e-type="container">
				<div class="elementor-element elementor-element-c9e5472 elementor-widget elementor-widget-image" data-id="c9e5472" data-element_type="widget" data-e-type="widget" data-settings="{&quot;ekit_we_effect_on&quot;:&quot;none&quot;}" data-widget_type="image.default">
				<div class="elementor-widget-container">
															<img fetchpriority="high" decoding="async" width="626" height="417" src="https://swiss-education-company.ch/wp-content/uploads/2022/06/beautician-filing-female-clients-nails-spa-beauty-salon_13339-236501.jpg" class="attachment-large size-large wp-image-11261" alt="" srcset="https://swiss-education-company.ch/wp-content/uploads/2022/06/beautician-filing-female-clients-nails-spa-beauty-salon_13339-236501.jpg 626w, https://swiss-education-company.ch/wp-content/uploads/2022/06/beautician-filing-female-clients-nails-spa-beauty-salon_13339-236501-300x200.jpg 300w, https://swiss-education-company.ch/wp-content/uploads/2022/06/beautician-filing-female-clients-nails-spa-beauty-salon_13339-236501-600x400.jpg 600w" sizes="(max-width: 626px) 100vw, 626px" />															</div>
				</div>
				</div>
					</div>
				</div>
		<div class="elementor-element elementor-element-9637f40 e-flex e-con-boxed e-con e-parent" data-id="9637f40" data-element_type="container" data-e-type="container" data-settings="{&quot;background_background&quot;:&quot;classic&quot;}">
					<div class="e-con-inner">
				<div class="elementor-element elementor-element-31156ac1 elementor-widget elementor-widget-text-editor" data-id="31156ac1" data-element_type="widget" data-e-type="widget" data-settings="{&quot;ekit_we_effect_on&quot;:&quot;none&quot;}" data-widget_type="text-editor.default">
				<div class="elementor-widget-container">
									<h3>Tâches :</h3><ul><li>Formation théorique et pratique des étudiants conformément au programme de formation </li><li>Création de documents, préparation et suivi de vos propres leçons</li><li>Réalisation d&rsquo;examens pratiques et théoriques</li></ul><h3>Exigences :</h3><ul><li>Connaissances linguistiques : Allemand et anglais (en option) Autres langues (en particulier espagnol et portugais)</li><li>Formation de Nails Designer et au moins 3 ans d&rsquo;expérience professionnelle</li><li>Formation continue dans le domaine des ongles et/ou expérience dans la formation d&rsquo;apprentis ou d&rsquo;adultes</li><li>Intérêt et talent pour la profession d&rsquo;enseignant spécialisé Nails Designer</li></ul><h3>Nous offrons :</h3><ul><li>Une équipe motivée et une ambiance de travail agréable</li><li>Conditions d&#8217;emploi intéressantes</li><li>Potentiel de développement et de prise de responsabilités plus importantes</li><li>Temps partiel d&rsquo;environ 20 à 40% (en fonction des connaissances linguistiques et du nombre de classes)</li></ul><p>Vous habitez en Suisse ou dans l&rsquo;UE et nous avons éveillé votre intérêt ? Dans ce cas, nous nous réjouissons de recevoir votre candidature complète avec photo par e-mail. </p><p><strong>Swiss Beauty Academy, Dübendorfstrasse 2, 8051 Zurich, e-mail : <a href="mailto:hr@sbacademy.ch">hr@sbacademy.ch</a></strong></p>								</div>
				</div>
					</div>
				</div>
				</div>

<p>Nous recherchons de suite ou à convenir pour notre école professionnelle de Nails Designer: Naildesigner Enseignant(e) spécialisé(e), à temps partiel Tâches : Formation théorique et pratique des étudiants conformément au programme de formation Création de documents, préparation et suivi de vos propres leçons Réalisation d&rsquo;examens pratiques et théoriques Exigences : Connaissances linguistiques : Allemand et [&hellip;]</p>
