{"id":14942,"date":"2025-06-17T02:21:56","date_gmt":"2025-06-17T01:21:56","guid":{"rendered":"https:\/\/swiss-education-company.ch\/offres-demploi\/stagiaire-responsable-des-ventes-et-de-ladministration\/"},"modified":"2025-06-17T02:22:01","modified_gmt":"2025-06-17T01:22:01","slug":"stagiaire-responsable-des-ventes-et-de-ladministration","status":"publish","type":"page","link":"https:\/\/swiss-education-company.ch\/fr\/offres-demploi\/stagiaire-responsable-des-ventes-et-de-ladministration\/","title":{"rendered":"Stagiaire, responsable des ventes et de l&rsquo;administration"},"content":{"rendered":"\t\t<div data-elementor-type=\"wp-page\" data-elementor-id=\"14942\" class=\"elementor elementor-14942 elementor-11545\" data-elementor-post-type=\"page\">\n\t\t\t\t<div class=\"elementor-element elementor-element-76cd1a38 e-flex e-con-boxed e-con e-parent\" data-id=\"76cd1a38\" data-element_type=\"container\" data-e-type=\"container\">\n\t\t\t\t\t<div class=\"e-con-inner\">\n\t\t<div class=\"elementor-element elementor-element-fbeceb6 e-con-full e-flex e-con e-child\" data-id=\"fbeceb6\" data-element_type=\"container\" data-e-type=\"container\">\n\t\t\t\t<div class=\"elementor-element elementor-element-6c44455b elementor-widget elementor-widget-text-editor\" data-id=\"6c44455b\" data-element_type=\"widget\" data-e-type=\"widget\" data-settings=\"{&quot;ekit_we_effect_on&quot;:&quot;none&quot;}\" data-widget_type=\"text-editor.default\">\n\t\t\t\t<div class=\"elementor-widget-container\">\n\t\t\t\t\t\t\t\t\t<p>Nous recherchons de suite ou \u00e0 convenir pour notre \u00e9cole sp\u00e9cialis\u00e9e multiculturelle :<\/p>\t\t\t\t\t\t\t\t<\/div>\n\t\t\t\t<\/div>\n\t\t\t\t<div class=\"elementor-element elementor-element-6828aab9 elementor-widget elementor-widget-heading\" data-id=\"6828aab9\" data-element_type=\"widget\" data-e-type=\"widget\" data-settings=\"{&quot;ekit_we_effect_on&quot;:&quot;none&quot;}\" data-widget_type=\"heading.default\">\n\t\t\t\t<div class=\"elementor-widget-container\">\n\t\t\t\t\t<h1 class=\"elementor-heading-title elementor-size-default\">Stagiaire, responsable des ventes et de l'administration<\/h1>\t\t\t\t<\/div>\n\t\t\t\t<\/div>\n\t\t\t\t<\/div>\n\t\t<div class=\"elementor-element elementor-element-58b2f574 e-con-full e-flex e-con e-child\" data-id=\"58b2f574\" data-element_type=\"container\" data-e-type=\"container\">\n\t\t\t\t<div class=\"elementor-element elementor-element-45a007ca elementor-widget elementor-widget-image\" data-id=\"45a007ca\" data-element_type=\"widget\" data-e-type=\"widget\" data-settings=\"{&quot;ekit_we_effect_on&quot;:&quot;none&quot;}\" data-widget_type=\"image.default\">\n\t\t\t\t<div class=\"elementor-widget-container\">\n\t\t\t\t\t\t\t\t\t\t\t\t\t\t\t<img fetchpriority=\"high\" decoding=\"async\" width=\"1024\" height=\"681\" src=\"https:\/\/swiss-education-company.ch\/wp-content\/uploads\/2022\/07\/kimberly-farmer-luaakcuanvi-unsplash-1-1024x681.jpg\" class=\"attachment-large size-large wp-image-11275\" alt=\"\" srcset=\"https:\/\/swiss-education-company.ch\/wp-content\/uploads\/2022\/07\/kimberly-farmer-luaakcuanvi-unsplash-1-1024x681.jpg 1024w, https:\/\/swiss-education-company.ch\/wp-content\/uploads\/2022\/07\/kimberly-farmer-luaakcuanvi-unsplash-1-300x199.jpg 300w, https:\/\/swiss-education-company.ch\/wp-content\/uploads\/2022\/07\/kimberly-farmer-luaakcuanvi-unsplash-1-768x511.jpg 768w, https:\/\/swiss-education-company.ch\/wp-content\/uploads\/2022\/07\/kimberly-farmer-luaakcuanvi-unsplash-1-1536x1021.jpg 1536w, https:\/\/swiss-education-company.ch\/wp-content\/uploads\/2022\/07\/kimberly-farmer-luaakcuanvi-unsplash-1-2048x1362.jpg 2048w, https:\/\/swiss-education-company.ch\/wp-content\/uploads\/2022\/07\/kimberly-farmer-luaakcuanvi-unsplash-1-600x399.jpg 600w\" sizes=\"(max-width: 1024px) 100vw, 1024px\" \/>\t\t\t\t\t\t\t\t\t\t\t\t\t\t\t<\/div>\n\t\t\t\t<\/div>\n\t\t\t\t<\/div>\n\t\t\t\t\t<\/div>\n\t\t\t\t<\/div>\n\t\t<div class=\"elementor-element elementor-element-54c8ea67 e-flex e-con-boxed e-con e-parent\" data-id=\"54c8ea67\" data-element_type=\"container\" data-e-type=\"container\" data-settings=\"{&quot;background_background&quot;:&quot;classic&quot;}\">\n\t\t\t\t\t<div class=\"e-con-inner\">\n\t\t\t\t<div class=\"elementor-element elementor-element-4c6c8f29 elementor-widget elementor-widget-text-editor\" data-id=\"4c6c8f29\" data-element_type=\"widget\" data-e-type=\"widget\" data-settings=\"{&quot;ekit_we_effect_on&quot;:&quot;none&quot;}\" data-widget_type=\"text-editor.default\">\n\t\t\t\t<div class=\"elementor-widget-container\">\n\t\t\t\t\t\t\t\t\t<h3>T\u00e2ches :<\/h3><ul><li>Conseil &amp; vente pour les services, produits et cours de beaut\u00e9<\/li><li>Prise en charge de la client\u00e8le de passage, t\u00e9l\u00e9phone, e-mail, caisse y compris cl\u00f4ture journali\u00e8re <\/li><li>Saisie et gestion de la base de donn\u00e9es clients<\/li><li>Mise en \u0153uvre de mesures d&rsquo;acquisition de nouveaux clients<\/li><li>Passer des commandes au sein de l&rsquo;entreprise ou aupr\u00e8s du fournisseur<\/li><li>T\u00e2ches de secr\u00e9tariat simples<\/li><li>Aide \u00e0 la r\u00e9alisation de l&rsquo;inventaire<\/li><\/ul><h3>Exigences :<\/h3><ul><li>Dipl\u00f4me de vente ou formation \u00e9quivalente, possibilit\u00e9 de changer de m\u00e9tier<\/li><li>Bonnes connaissances \u00e9crites et orales de l&rsquo;<em><strong>allemand<\/strong> et, de pr\u00e9f\u00e9rence, d&rsquo;autres langues (en particulier l&rsquo;anglais, le fran\u00e7ais, l&rsquo;espagnol et le portugais).<\/em><\/li><li>Connaissances de base des programmes Windows et Mircosoft Office (email, Word, Excel, &#8230;)<\/li><li>Personnalit\u00e9 communicative avec un sens aigu de la vente<\/li><li>talent d&rsquo;organisation qui aime travailler de mani\u00e8re autonome<\/li><li>Travail pr\u00e9cis et fiable<\/li><\/ul><h3>Nous offrons :<\/h3><ul><li>Stage de 12 mois<\/li><li>Acqu\u00e9rir une exp\u00e9rience professionnelle pratique pour r\u00e9ussir son entr\u00e9e dans la vie active<\/li><li>Une \u00e9quipe motiv\u00e9e avec une ambiance de travail agr\u00e9able et l&rsquo;utilisation de langues \u00e9trang\u00e8res.<\/li><\/ul><p>Si vous avez les comp\u00e9tences requises, vous pouvez obtenir un emploi permanent \u00e0 la fin de votre stage. Le poste convient \u00e9galement aux personnes qui souhaitent travailler \u00e0 temps partiel. <\/p><p>Vous habitez en Suisse ou dans l&rsquo;UE et nous avons \u00e9veill\u00e9 votre int\u00e9r\u00eat ? Dans ce cas, nous nous r\u00e9jouissons de recevoir votre candidature compl\u00e8te . <\/p><p><strong>Swiss Education Company, D\u00fcbendorfstrasse 2, 8051 Zurich, courriel : <a href=\"mailto:hr@sbacademy.ch\">hr@sbacademy.ch<\/a><\/strong><\/p>\t\t\t\t\t\t\t\t<\/div>\n\t\t\t\t<\/div>\n\t\t\t\t\t<\/div>\n\t\t\t\t<\/div>\n\t\t\t\t<\/div>\n\t\t","protected":false},"excerpt":{"rendered":"<p>Nous recherchons de suite ou \u00e0 convenir pour notre \u00e9cole sp\u00e9cialis\u00e9e multiculturelle : Stagiaire, responsable des ventes et de l&rsquo;administration T\u00e2ches : Conseil &amp; vente pour les services, produits et cours de beaut\u00e9 Prise en charge de la client\u00e8le de passage, t\u00e9l\u00e9phone, e-mail, caisse y compris cl\u00f4ture journali\u00e8re Saisie et gestion de la base de [&hellip;]<\/p>\n","protected":false},"author":5,"featured_media":0,"parent":14733,"menu_order":0,"comment_status":"closed","ping_status":"closed","template":"","meta":{"_seopress_robots_primary_cat":"","_seopress_titles_title":"","_seopress_titles_desc":"","_seopress_robots_index":"","site-sidebar-layout":"no-sidebar","site-content-layout":"page-builder","ast-site-content-layout":"full-width-container","site-content-style":"unboxed","site-sidebar-style":"unboxed","ast-global-header-display":"","ast-banner-title-visibility":"","ast-main-header-display":"","ast-hfb-above-header-display":"","ast-hfb-below-header-display":"","ast-hfb-mobile-header-display":"","site-post-title":"disabled","ast-breadcrumbs-content":"","ast-featured-img":"disabled","footer-sml-layout":"","ast-disable-related-posts":"","theme-transparent-header-meta":"default","adv-header-id-meta":"","stick-header-meta":"","header-above-stick-meta":"","header-main-stick-meta":"","header-below-stick-meta":"","astra-migrate-meta-layouts":"default","ast-page-background-enabled":"default","ast-page-background-meta":{"desktop":{"background-color":"var(--ast-global-color-4)","background-image":"","background-repeat":"repeat","background-position":"center center","background-size":"auto","background-attachment":"scroll","background-type":"","background-media":"","overlay-type":"","overlay-color":"","overlay-opacity":"","overlay-gradient":""},"tablet":{"background-color":"","background-image":"","background-repeat":"repeat","background-position":"center center","background-size":"auto","background-attachment":"scroll","background-type":"","background-media":"","overlay-type":"","overlay-color":"","overlay-opacity":"","overlay-gradient":""},"mobile":{"background-color":"","background-image":"","background-repeat":"repeat","background-position":"center center","background-size":"auto","background-attachment":"scroll","background-type":"","background-media":"","overlay-type":"","overlay-color":"","overlay-opacity":"","overlay-gradient":""}},"ast-content-background-meta":{"desktop":{"background-color":"var(--ast-global-color-5)","background-image":"","background-repeat":"repeat","background-position":"center center","background-size":"auto","background-attachment":"scroll","background-type":"","background-media":"","overlay-type":"","overlay-color":"","overlay-opacity":"","overlay-gradient":""},"tablet":{"background-color":"var(--ast-global-color-5)","background-image":"","background-repeat":"repeat","background-position":"center center","background-size":"auto","background-attachment":"scroll","background-type":"","background-media":"","overlay-type":"","overlay-color":"","overlay-opacity":"","overlay-gradient":""},"mobile":{"background-color":"var(--ast-global-color-5)","background-image":"","background-repeat":"repeat","background-position":"center center","background-size":"auto","background-attachment":"scroll","background-type":"","background-media":"","overlay-type":"","overlay-color":"","overlay-opacity":"","overlay-gradient":""}},"footnotes":""},"class_list":["post-14942","page","type-page","status-publish","hentry"],"_links":{"self":[{"href":"https:\/\/swiss-education-company.ch\/fr\/wp-json\/wp\/v2\/pages\/14942","targetHints":{"allow":["GET"]}}],"collection":[{"href":"https:\/\/swiss-education-company.ch\/fr\/wp-json\/wp\/v2\/pages"}],"about":[{"href":"https:\/\/swiss-education-company.ch\/fr\/wp-json\/wp\/v2\/types\/page"}],"author":[{"embeddable":true,"href":"https:\/\/swiss-education-company.ch\/fr\/wp-json\/wp\/v2\/users\/5"}],"replies":[{"embeddable":true,"href":"https:\/\/swiss-education-company.ch\/fr\/wp-json\/wp\/v2\/comments?post=14942"}],"version-history":[{"count":1,"href":"https:\/\/swiss-education-company.ch\/fr\/wp-json\/wp\/v2\/pages\/14942\/revisions"}],"predecessor-version":[{"id":14944,"href":"https:\/\/swiss-education-company.ch\/fr\/wp-json\/wp\/v2\/pages\/14942\/revisions\/14944"}],"up":[{"embeddable":true,"href":"https:\/\/swiss-education-company.ch\/fr\/wp-json\/wp\/v2\/pages\/14733"}],"wp:attachment":[{"href":"https:\/\/swiss-education-company.ch\/fr\/wp-json\/wp\/v2\/media?parent=14942"}],"curies":[{"name":"wp","href":"https:\/\/api.w.org\/{rel}","templated":true}]}}

<div data-elementor-type="wp-page" data-elementor-id="14942" class="elementor elementor-14942 elementor-11545" data-elementor-post-type="page">
				<div class="elementor-element elementor-element-76cd1a38 e-flex e-con-boxed e-con e-parent" data-id="76cd1a38" data-element_type="container" data-e-type="container">
					<div class="e-con-inner">
		<div class="elementor-element elementor-element-fbeceb6 e-con-full e-flex e-con e-child" data-id="fbeceb6" data-element_type="container" data-e-type="container">
				<div class="elementor-element elementor-element-6c44455b elementor-widget elementor-widget-text-editor" data-id="6c44455b" data-element_type="widget" data-e-type="widget" data-settings="{&quot;ekit_we_effect_on&quot;:&quot;none&quot;}" data-widget_type="text-editor.default">
				<div class="elementor-widget-container">
									<p>Nous recherchons de suite ou à convenir pour notre école spécialisée multiculturelle :</p>								</div>
				</div>
				<div class="elementor-element elementor-element-6828aab9 elementor-widget elementor-widget-heading" data-id="6828aab9" data-element_type="widget" data-e-type="widget" data-settings="{&quot;ekit_we_effect_on&quot;:&quot;none&quot;}" data-widget_type="heading.default">
				<div class="elementor-widget-container">
					<h1 class="elementor-heading-title elementor-size-default">Stagiaire, responsable des ventes et de l'administration</h1>				</div>
				</div>
				</div>
		<div class="elementor-element elementor-element-58b2f574 e-con-full e-flex e-con e-child" data-id="58b2f574" data-element_type="container" data-e-type="container">
				<div class="elementor-element elementor-element-45a007ca elementor-widget elementor-widget-image" data-id="45a007ca" data-element_type="widget" data-e-type="widget" data-settings="{&quot;ekit_we_effect_on&quot;:&quot;none&quot;}" data-widget_type="image.default">
				<div class="elementor-widget-container">
															<img fetchpriority="high" decoding="async" width="1024" height="681" src="https://swiss-education-company.ch/wp-content/uploads/2022/07/kimberly-farmer-luaakcuanvi-unsplash-1-1024x681.jpg" class="attachment-large size-large wp-image-11275" alt="" srcset="https://swiss-education-company.ch/wp-content/uploads/2022/07/kimberly-farmer-luaakcuanvi-unsplash-1-1024x681.jpg 1024w, https://swiss-education-company.ch/wp-content/uploads/2022/07/kimberly-farmer-luaakcuanvi-unsplash-1-300x199.jpg 300w, https://swiss-education-company.ch/wp-content/uploads/2022/07/kimberly-farmer-luaakcuanvi-unsplash-1-768x511.jpg 768w, https://swiss-education-company.ch/wp-content/uploads/2022/07/kimberly-farmer-luaakcuanvi-unsplash-1-1536x1021.jpg 1536w, https://swiss-education-company.ch/wp-content/uploads/2022/07/kimberly-farmer-luaakcuanvi-unsplash-1-2048x1362.jpg 2048w, https://swiss-education-company.ch/wp-content/uploads/2022/07/kimberly-farmer-luaakcuanvi-unsplash-1-600x399.jpg 600w" sizes="(max-width: 1024px) 100vw, 1024px" />															</div>
				</div>
				</div>
					</div>
				</div>
		<div class="elementor-element elementor-element-54c8ea67 e-flex e-con-boxed e-con e-parent" data-id="54c8ea67" data-element_type="container" data-e-type="container" data-settings="{&quot;background_background&quot;:&quot;classic&quot;}">
					<div class="e-con-inner">
				<div class="elementor-element elementor-element-4c6c8f29 elementor-widget elementor-widget-text-editor" data-id="4c6c8f29" data-element_type="widget" data-e-type="widget" data-settings="{&quot;ekit_we_effect_on&quot;:&quot;none&quot;}" data-widget_type="text-editor.default">
				<div class="elementor-widget-container">
									<h3>Tâches :</h3><ul><li>Conseil &amp; vente pour les services, produits et cours de beauté</li><li>Prise en charge de la clientèle de passage, téléphone, e-mail, caisse y compris clôture journalière </li><li>Saisie et gestion de la base de données clients</li><li>Mise en œuvre de mesures d&rsquo;acquisition de nouveaux clients</li><li>Passer des commandes au sein de l&rsquo;entreprise ou auprès du fournisseur</li><li>Tâches de secrétariat simples</li><li>Aide à la réalisation de l&rsquo;inventaire</li></ul><h3>Exigences :</h3><ul><li>Diplôme de vente ou formation équivalente, possibilité de changer de métier</li><li>Bonnes connaissances écrites et orales de l&rsquo;<em><strong>allemand</strong> et, de préférence, d&rsquo;autres langues (en particulier l&rsquo;anglais, le français, l&rsquo;espagnol et le portugais).</em></li><li>Connaissances de base des programmes Windows et Mircosoft Office (email, Word, Excel, &#8230;)</li><li>Personnalité communicative avec un sens aigu de la vente</li><li>talent d&rsquo;organisation qui aime travailler de manière autonome</li><li>Travail précis et fiable</li></ul><h3>Nous offrons :</h3><ul><li>Stage de 12 mois</li><li>Acquérir une expérience professionnelle pratique pour réussir son entrée dans la vie active</li><li>Une équipe motivée avec une ambiance de travail agréable et l&rsquo;utilisation de langues étrangères.</li></ul><p>Si vous avez les compétences requises, vous pouvez obtenir un emploi permanent à la fin de votre stage. Le poste convient également aux personnes qui souhaitent travailler à temps partiel. </p><p>Vous habitez en Suisse ou dans l&rsquo;UE et nous avons éveillé votre intérêt ? Dans ce cas, nous nous réjouissons de recevoir votre candidature complète . </p><p><strong>Swiss Education Company, Dübendorfstrasse 2, 8051 Zurich, courriel : <a href="mailto:hr@sbacademy.ch">hr@sbacademy.ch</a></strong></p>								</div>
				</div>
					</div>
				</div>
				</div>

<p>Nous recherchons de suite ou à convenir pour notre école spécialisée multiculturelle : Stagiaire, responsable des ventes et de l&rsquo;administration Tâches : Conseil &amp; vente pour les services, produits et cours de beauté Prise en charge de la clientèle de passage, téléphone, e-mail, caisse y compris clôture journalière Saisie et gestion de la base de [&hellip;]</p>
