{"id":14841,"date":"2025-06-17T02:20:31","date_gmt":"2025-06-17T01:20:31","guid":{"rendered":"https:\/\/swiss-education-company.ch\/offres-demploi\/enseignante-en-esthetique-en-langues-etrangeres\/"},"modified":"2025-06-17T02:20:33","modified_gmt":"2025-06-17T01:20:33","slug":"enseignante-en-esthetique-en-langues-etrangeres","status":"publish","type":"page","link":"https:\/\/swiss-education-company.ch\/fr\/offres-demploi\/enseignante-en-esthetique-en-langues-etrangeres\/","title":{"rendered":"Enseignant(e) en esth\u00e9tique en langues \u00e9trang\u00e8res"},"content":{"rendered":"\t\t<div data-elementor-type=\"wp-page\" data-elementor-id=\"14841\" class=\"elementor elementor-14841 elementor-14751\" data-elementor-post-type=\"page\">\n\t\t\t\t<div class=\"elementor-element elementor-element-494336ab e-flex e-con-boxed e-con e-parent\" data-id=\"494336ab\" data-element_type=\"container\" data-e-type=\"container\">\n\t\t\t\t\t<div class=\"e-con-inner\">\n\t\t\t\t<div class=\"elementor-element elementor-element-37c6a39b elementor-widget elementor-widget-text-editor\" data-id=\"37c6a39b\" data-element_type=\"widget\" data-e-type=\"widget\" data-settings=\"{&quot;ekit_we_effect_on&quot;:&quot;none&quot;}\" data-widget_type=\"text-editor.default\">\n\t\t\t\t<div class=\"elementor-widget-container\">\n\t\t\t\t\t\t\t\t\t<p>Nous recherchons de suite ou \u00e0 convenir pour notre <a title=\"\u00c9cole de cosm\u00e9tique \u00e0 Zurich\" href=\"https:\/\/swiss-beauty-and-hair-academy.ch\/kosmetikschule\/\">\u00e9cole d&rsquo;esth\u00e9tique<\/a>:<\/p>\n<p><style>\/*! elementor - v3.23.0 - 05-08-2024 *\/<br \/>.elementor-heading-title{padding:0;margin:0;line-height:1}.elementor-widget-heading .elementor-heading-title[class*=elementor-size-]>a{color:inherit;font-size:inherit;line-height:inherit}.elementor-widget-heading .elementor-heading-title.elementor-size-small{font-size:15px}.elementor-widget-heading .elementor-heading-title.elementor-size-medium{font-size:19px}.elementor-widget-heading .elementor-heading-title.elementor-size-large{font-size:29px}.elementor-widget-heading .elementor-heading-title.elementor-size-xl{font-size:39px}.elementor-widget-heading .elementor-heading-title.elementor-size-xxl{font-size:59px}<\/style>\n<\/p>\n<h1>Cosm\u00e9tiques Enseignant(e) sp\u00e9cialis\u00e9(e) en langues \u00e9trang\u00e8res, \u00e0 temps partiel<\/h1>\n<p><style>\/*! elementor - v3.23.0 - 05-08-2024 *\/<br \/>.elementor-widget-image{text-align:center}.elementor-widget-image a{display:inline-block}.elementor-widget-image a img[src$=\".svg\"]{width:48px}.elementor-widget-image img{vertical-align:middle;display:inline-block}<\/style>\n<\/p>\n<p><img fetchpriority=\"high\" decoding=\"async\" src=\"https:\/\/swiss-education-company.ch\/wp-content\/uploads\/2024\/01\/top_kosmetik-6.jpg\" sizes=\"(max-width: 640px) 100vw, 640px\" srcset=\"https:\/\/swiss-education-company.ch\/wp-content\/uploads\/2024\/01\/top_kosmetik-6.jpg 640w, https:\/\/swiss-education-company.ch\/wp-content\/uploads\/2024\/01\/top_kosmetik-6-300x200.jpg 300w\" alt=\"\" width=\"640\" height=\"427\"><\/p>\n<h3>T\u00e2ches :<\/h3>\n<ul>\n<li>Formation th\u00e9orique et pratique des \u00e9tudiants<\/li>\n<li>Pr\u00e9paration et suivi de vos propres le\u00e7ons<\/li>\n<li>R\u00e9alisation d&rsquo;examens pratiques et th\u00e9oriques<\/li>\n<\/ul>\n<h3>Exigences :<\/h3>\n<ul>\n<li>Connaissances linguistiques : Espagnol et anglais (obligatoire) <em>et d&rsquo;autres langues sont un avantage.<\/em><\/li>\n<li>Formation d&rsquo;<strong>esth\u00e9ticien(ne) <\/strong>et au moins 3 ans d&rsquo;exp\u00e9rience professionnelle<\/li>\n<li><span style=\"font-style: inherit; font-weight: inherit; text-align: var(--text-align); background-color: var(--ast-global-color-5); color: var(--ast-global-color-3);\">Au moins 2 ans d&rsquo;exp\u00e9rience dans la formation d&rsquo;apprentis ou d&rsquo;adultes<\/span><\/li>\n<li>Autorit\u00e9 naturelle et patience<\/li>\n<li>En option : formation continue dans le domaine de l&rsquo;esth\u00e9tique (par ex. examen de ma\u00eetrise)<\/li>\n<\/ul>\n<h3>Nous offrons :<\/h3>\n<ul>\n<li>Une \u00e9quipe motiv\u00e9e et une ambiance de travail agr\u00e9able<\/li>\n<li>Conditions d&#8217;emploi int\u00e9ressantes<\/li>\n<li>Potentiel de d\u00e9veloppement et de prise de responsabilit\u00e9s plus importantes<\/li>\n<li>Temps partiel d&rsquo;environ 20 \u00e0 60% (en fonction des comp\u00e9tences linguistiques et du nombre de classes)<\/li>\n<\/ul>\n<p>Vous habitez en Suisse ou dans l&rsquo;UE et nous avons \u00e9veill\u00e9 votre int\u00e9r\u00eat ? Dans ce cas, nous nous r\u00e9jouissons de recevoir votre candidature compl\u00e8te avec photo par e-mail pour le poste d&rsquo;enseignante sp\u00e9cialis\u00e9e en cosm\u00e9tique. <\/p>\n<p><strong>Swiss Education Company, D\u00fcbendorfstrasse 2, 8051 Zurich, courriel : <a href=\"mailto:hr@sbacademy.ch\">hr@sbacademy.ch<\/a><\/strong><\/p>\t\t\t\t\t\t\t\t<\/div>\n\t\t\t\t<\/div>\n\t\t\t\t\t<\/div>\n\t\t\t\t<\/div>\n\t\t\t\t<\/div>\n\t\t","protected":false},"excerpt":{"rendered":"<p>Nous recherchons de suite ou \u00e0 convenir pour notre \u00e9cole d&rsquo;esth\u00e9tique: \/*! elementor &#8211; v3.23.0 &#8211; 05-08-2024 *\/.elementor-heading-title{padding:0;margin:0;line-height:1}.elementor-widget-heading .elementor-heading-title[class*=elementor-size-]&gt;a{color:inherit;font-size:inherit;line-height:inherit}.elementor-widget-heading .elementor-heading-title.elementor-size-small{font-size:15px}.elementor-widget-heading .elementor-heading-title.elementor-size-medium{font-size:19px}.elementor-widget-heading .elementor-heading-title.elementor-size-large{font-size:29px}.elementor-widget-heading .elementor-heading-title.elementor-size-xl{font-size:39px}.elementor-widget-heading .elementor-heading-title.elementor-size-xxl{font-size:59px} Cosm\u00e9tiques Enseignant(e) sp\u00e9cialis\u00e9(e) en langues \u00e9trang\u00e8res, \u00e0 temps partiel \/*! elementor &#8211; v3.23.0 &#8211; 05-08-2024 *\/.elementor-widget-image{text-align:center}.elementor-widget-image a{display:inline-block}.elementor-widget-image a img[src$=\u00a0\u00bb.svg\u00a0\u00bb]{width:48px}.elementor-widget-image img{vertical-align:middle;display:inline-block} T\u00e2ches : Formation th\u00e9orique et pratique des \u00e9tudiants Pr\u00e9paration et suivi [&hellip;]<\/p>\n","protected":false},"author":3,"featured_media":0,"parent":14733,"menu_order":0,"comment_status":"closed","ping_status":"closed","template":"","meta":{"_seopress_robots_primary_cat":"","_seopress_titles_title":"","_seopress_titles_desc":"","_seopress_robots_index":"","site-sidebar-layout":"default","site-content-layout":"","ast-site-content-layout":"default","site-content-style":"default","site-sidebar-style":"default","ast-global-header-display":"","ast-banner-title-visibility":"","ast-main-header-display":"","ast-hfb-above-header-display":"","ast-hfb-below-header-display":"","ast-hfb-mobile-header-display":"","site-post-title":"","ast-breadcrumbs-content":"","ast-featured-img":"","footer-sml-layout":"","ast-disable-related-posts":"","theme-transparent-header-meta":"default","adv-header-id-meta":"","stick-header-meta":"","header-above-stick-meta":"","header-main-stick-meta":"","header-below-stick-meta":"","astra-migrate-meta-layouts":"default","ast-page-background-enabled":"default","ast-page-background-meta":{"desktop":{"background-color":"var(--ast-global-color-4)","background-image":"","background-repeat":"repeat","background-position":"center center","background-size":"auto","background-attachment":"scroll","background-type":"","background-media":"","overlay-type":"","overlay-color":"","overlay-opacity":"","overlay-gradient":""},"tablet":{"background-color":"","background-image":"","background-repeat":"repeat","background-position":"center center","background-size":"auto","background-attachment":"scroll","background-type":"","background-media":"","overlay-type":"","overlay-color":"","overlay-opacity":"","overlay-gradient":""},"mobile":{"background-color":"","background-image":"","background-repeat":"repeat","background-position":"center center","background-size":"auto","background-attachment":"scroll","background-type":"","background-media":"","overlay-type":"","overlay-color":"","overlay-opacity":"","overlay-gradient":""}},"ast-content-background-meta":{"desktop":{"background-color":"var(--ast-global-color-5)","background-image":"","background-repeat":"repeat","background-position":"center center","background-size":"auto","background-attachment":"scroll","background-type":"","background-media":"","overlay-type":"","overlay-color":"","overlay-opacity":"","overlay-gradient":""},"tablet":{"background-color":"var(--ast-global-color-5)","background-image":"","background-repeat":"repeat","background-position":"center center","background-size":"auto","background-attachment":"scroll","background-type":"","background-media":"","overlay-type":"","overlay-color":"","overlay-opacity":"","overlay-gradient":""},"mobile":{"background-color":"var(--ast-global-color-5)","background-image":"","background-repeat":"repeat","background-position":"center center","background-size":"auto","background-attachment":"scroll","background-type":"","background-media":"","overlay-type":"","overlay-color":"","overlay-opacity":"","overlay-gradient":""}},"footnotes":""},"class_list":["post-14841","page","type-page","status-publish","hentry"],"_links":{"self":[{"href":"https:\/\/swiss-education-company.ch\/fr\/wp-json\/wp\/v2\/pages\/14841","targetHints":{"allow":["GET"]}}],"collection":[{"href":"https:\/\/swiss-education-company.ch\/fr\/wp-json\/wp\/v2\/pages"}],"about":[{"href":"https:\/\/swiss-education-company.ch\/fr\/wp-json\/wp\/v2\/types\/page"}],"author":[{"embeddable":true,"href":"https:\/\/swiss-education-company.ch\/fr\/wp-json\/wp\/v2\/users\/3"}],"replies":[{"embeddable":true,"href":"https:\/\/swiss-education-company.ch\/fr\/wp-json\/wp\/v2\/comments?post=14841"}],"version-history":[{"count":2,"href":"https:\/\/swiss-education-company.ch\/fr\/wp-json\/wp\/v2\/pages\/14841\/revisions"}],"predecessor-version":[{"id":14849,"href":"https:\/\/swiss-education-company.ch\/fr\/wp-json\/wp\/v2\/pages\/14841\/revisions\/14849"}],"up":[{"embeddable":true,"href":"https:\/\/swiss-education-company.ch\/fr\/wp-json\/wp\/v2\/pages\/14733"}],"wp:attachment":[{"href":"https:\/\/swiss-education-company.ch\/fr\/wp-json\/wp\/v2\/media?parent=14841"}],"curies":[{"name":"wp","href":"https:\/\/api.w.org\/{rel}","templated":true}]}}

Enseignant(e) en esthétique en langues étrangères

<div data-elementor-type="wp-page" data-elementor-id="14841" class="elementor elementor-14841 elementor-14751" data-elementor-post-type="page">
				<div class="elementor-element elementor-element-494336ab e-flex e-con-boxed e-con e-parent" data-id="494336ab" data-element_type="container" data-e-type="container">
					<div class="e-con-inner">
				<div class="elementor-element elementor-element-37c6a39b elementor-widget elementor-widget-text-editor" data-id="37c6a39b" data-element_type="widget" data-e-type="widget" data-settings="{&quot;ekit_we_effect_on&quot;:&quot;none&quot;}" data-widget_type="text-editor.default">
				<div class="elementor-widget-container">
									<p>Nous recherchons de suite ou à convenir pour notre <a title="École de cosmétique à Zurich" href="https://swiss-beauty-and-hair-academy.ch/kosmetikschule/">école d&rsquo;esthétique</a>:</p>
<p><style>/*! elementor - v3.23.0 - 05-08-2024 */<br />.elementor-heading-title{padding:0;margin:0;line-height:1}.elementor-widget-heading .elementor-heading-title[class*=elementor-size-]>a{color:inherit;font-size:inherit;line-height:inherit}.elementor-widget-heading .elementor-heading-title.elementor-size-small{font-size:15px}.elementor-widget-heading .elementor-heading-title.elementor-size-medium{font-size:19px}.elementor-widget-heading .elementor-heading-title.elementor-size-large{font-size:29px}.elementor-widget-heading .elementor-heading-title.elementor-size-xl{font-size:39px}.elementor-widget-heading .elementor-heading-title.elementor-size-xxl{font-size:59px}</style>
</p>
<h1>Cosmétiques Enseignant(e) spécialisé(e) en langues étrangères, à temps partiel</h1>
<p><style>/*! elementor - v3.23.0 - 05-08-2024 */<br />.elementor-widget-image{text-align:center}.elementor-widget-image a{display:inline-block}.elementor-widget-image a img[src$=".svg"]{width:48px}.elementor-widget-image img{vertical-align:middle;display:inline-block}</style>
</p>
<p><img fetchpriority="high" decoding="async" src="https://swiss-education-company.ch/wp-content/uploads/2024/01/top_kosmetik-6.jpg" sizes="(max-width: 640px) 100vw, 640px" srcset="https://swiss-education-company.ch/wp-content/uploads/2024/01/top_kosmetik-6.jpg 640w, https://swiss-education-company.ch/wp-content/uploads/2024/01/top_kosmetik-6-300x200.jpg 300w" alt="" width="640" height="427"></p>
<h3>Tâches :</h3>
<ul>
<li>Formation théorique et pratique des étudiants</li>
<li>Préparation et suivi de vos propres leçons</li>
<li>Réalisation d&rsquo;examens pratiques et théoriques</li>
</ul>
<h3>Exigences :</h3>
<ul>
<li>Connaissances linguistiques : Espagnol et anglais (obligatoire) <em>et d&rsquo;autres langues sont un avantage.</em></li>
<li>Formation d&rsquo;<strong>esthéticien(ne) </strong>et au moins 3 ans d&rsquo;expérience professionnelle</li>
<li><span style="font-style: inherit; font-weight: inherit; text-align: var(--text-align); background-color: var(--ast-global-color-5); color: var(--ast-global-color-3);">Au moins 2 ans d&rsquo;expérience dans la formation d&rsquo;apprentis ou d&rsquo;adultes</span></li>
<li>Autorité naturelle et patience</li>
<li>En option : formation continue dans le domaine de l&rsquo;esthétique (par ex. examen de maîtrise)</li>
</ul>
<h3>Nous offrons :</h3>
<ul>
<li>Une équipe motivée et une ambiance de travail agréable</li>
<li>Conditions d&#8217;emploi intéressantes</li>
<li>Potentiel de développement et de prise de responsabilités plus importantes</li>
<li>Temps partiel d&rsquo;environ 20 à 60% (en fonction des compétences linguistiques et du nombre de classes)</li>
</ul>
<p>Vous habitez en Suisse ou dans l&rsquo;UE et nous avons éveillé votre intérêt ? Dans ce cas, nous nous réjouissons de recevoir votre candidature complète avec photo par e-mail pour le poste d&rsquo;enseignante spécialisée en cosmétique. </p>
<p><strong>Swiss Education Company, Dübendorfstrasse 2, 8051 Zurich, courriel : <a href="mailto:hr@sbacademy.ch">hr@sbacademy.ch</a></strong></p>								</div>
				</div>
					</div>
				</div>
				</div>

<p>Nous recherchons de suite ou à convenir pour notre école d&rsquo;esthétique: /*! elementor &#8211; v3.23.0 &#8211; 05-08-2024 */.elementor-heading-title{padding:0;margin:0;line-height:1}.elementor-widget-heading .elementor-heading-title[class*=elementor-size-]&gt;a{color:inherit;font-size:inherit;line-height:inherit}.elementor-widget-heading .elementor-heading-title.elementor-size-small{font-size:15px}.elementor-widget-heading .elementor-heading-title.elementor-size-medium{font-size:19px}.elementor-widget-heading .elementor-heading-title.elementor-size-large{font-size:29px}.elementor-widget-heading .elementor-heading-title.elementor-size-xl{font-size:39px}.elementor-widget-heading .elementor-heading-title.elementor-size-xxl{font-size:59px} Cosmétiques Enseignant(e) spécialisé(e) en langues étrangères, à temps partiel /*! elementor &#8211; v3.23.0 &#8211; 05-08-2024 */.elementor-widget-image{text-align:center}.elementor-widget-image a{display:inline-block}.elementor-widget-image a img[src$= ».svg »]{width:48px}.elementor-widget-image img{vertical-align:middle;display:inline-block} Tâches : Formation théorique et pratique des étudiants Préparation et suivi [&hellip;]</p>
