{"id":14935,"date":"2025-06-17T02:21:53","date_gmt":"2025-06-17T01:21:53","guid":{"rendered":"https:\/\/swiss-education-company.ch\/vacantes\/profesor-de-fisica\/"},"modified":"2025-06-17T02:22:01","modified_gmt":"2025-06-17T01:22:01","slug":"profesor-de-fisica","status":"publish","type":"page","link":"https:\/\/swiss-education-company.ch\/es\/vacantes\/profesor-de-fisica\/","title":{"rendered":"Profesor de F\u00edsica"},"content":{"rendered":"\t\t<div data-elementor-type=\"wp-page\" data-elementor-id=\"14935\" class=\"elementor elementor-14935 elementor-11566\" data-elementor-post-type=\"page\">\n\t\t\t\t<div class=\"elementor-element elementor-element-3d335e8 e-flex e-con-boxed e-con e-parent\" data-id=\"3d335e8\" data-element_type=\"container\" data-e-type=\"container\">\n\t\t\t\t\t<div class=\"e-con-inner\">\n\t\t<div class=\"elementor-element elementor-element-7d9747c3 e-con-full e-flex e-con e-child\" data-id=\"7d9747c3\" data-element_type=\"container\" data-e-type=\"container\">\n\t\t\t\t<div class=\"elementor-element elementor-element-1a81429b elementor-widget elementor-widget-text-editor\" data-id=\"1a81429b\" data-element_type=\"widget\" data-e-type=\"widget\" data-settings=\"{&quot;ekit_we_effect_on&quot;:&quot;none&quot;}\" data-widget_type=\"text-editor.default\">\n\t\t\t\t<div class=\"elementor-widget-container\">\n\t\t\t\t\t\t\t\t\t<p>Buscamos un nuevo empleado para nuestra <a title=\"Escuela de cosm\u00e9tica en Z\u00farich\" href=\"https:\/\/swiss-beauty-and-hair-academy.ch\/kosmetikschule\/\">escuela de cosm\u00e9tica<\/a> con efecto inmediato o por acuerdo:<\/p>\t\t\t\t\t\t\t\t<\/div>\n\t\t\t\t<\/div>\n\t\t\t\t<div class=\"elementor-element elementor-element-7db29959 elementor-widget elementor-widget-heading\" data-id=\"7db29959\" data-element_type=\"widget\" data-e-type=\"widget\" data-settings=\"{&quot;ekit_we_effect_on&quot;:&quot;none&quot;}\" data-widget_type=\"heading.default\">\n\t\t\t\t<div class=\"elementor-widget-container\">\n\t\t\t\t\t<h1 class=\"elementor-heading-title elementor-size-default\">Profesor de f\u00edsica en escuela de belleza, a tiempo parcial, h\/m<\/h1>\t\t\t\t<\/div>\n\t\t\t\t<\/div>\n\t\t\t\t<div class=\"elementor-element elementor-element-7c7de30c elementor-widget elementor-widget-text-editor\" data-id=\"7c7de30c\" data-element_type=\"widget\" data-e-type=\"widget\" data-settings=\"{&quot;ekit_we_effect_on&quot;:&quot;none&quot;}\" data-widget_type=\"text-editor.default\">\n\t\t\t\t<div class=\"elementor-widget-container\">\n\t\t\t\t\t\t\t\t\t<p>La f\u00edsica en el contexto de los cursos de depilaci\u00f3n l\u00e1ser<\/p>\t\t\t\t\t\t\t\t<\/div>\n\t\t\t\t<\/div>\n\t\t\t\t<\/div>\n\t\t<div class=\"elementor-element elementor-element-6b8df77f e-con-full e-flex e-con e-child\" data-id=\"6b8df77f\" data-element_type=\"container\" data-e-type=\"container\">\n\t\t\t\t<div class=\"elementor-element elementor-element-f604069 elementor-widget elementor-widget-image\" data-id=\"f604069\" data-element_type=\"widget\" data-e-type=\"widget\" data-settings=\"{&quot;ekit_we_effect_on&quot;:&quot;none&quot;}\" data-widget_type=\"image.default\">\n\t\t\t\t<div class=\"elementor-widget-container\">\n\t\t\t\t\t\t\t\t\t\t\t\t\t\t\t<img fetchpriority=\"high\" decoding=\"async\" width=\"640\" height=\"427\" src=\"https:\/\/swiss-education-company.ch\/wp-content\/uploads\/2024\/01\/top_kosmetik-6.jpg\" class=\"attachment-large size-large wp-image-12122\" alt=\"\" srcset=\"https:\/\/swiss-education-company.ch\/wp-content\/uploads\/2024\/01\/top_kosmetik-6.jpg 640w, https:\/\/swiss-education-company.ch\/wp-content\/uploads\/2024\/01\/top_kosmetik-6-300x200.jpg 300w\" sizes=\"(max-width: 640px) 100vw, 640px\" \/>\t\t\t\t\t\t\t\t\t\t\t\t\t\t\t<\/div>\n\t\t\t\t<\/div>\n\t\t\t\t<\/div>\n\t\t\t\t\t<\/div>\n\t\t\t\t<\/div>\n\t\t<div class=\"elementor-element elementor-element-200a29bb e-flex e-con-boxed e-con e-parent\" data-id=\"200a29bb\" data-element_type=\"container\" data-e-type=\"container\" data-settings=\"{&quot;background_background&quot;:&quot;classic&quot;}\">\n\t\t\t\t\t<div class=\"e-con-inner\">\n\t\t\t\t<div class=\"elementor-element elementor-element-6f1b862a elementor-widget elementor-widget-text-editor\" data-id=\"6f1b862a\" data-element_type=\"widget\" data-e-type=\"widget\" data-settings=\"{&quot;ekit_we_effect_on&quot;:&quot;none&quot;}\" data-widget_type=\"text-editor.default\">\n\t\t\t\t<div class=\"elementor-widget-container\">\n\t\t\t\t\t\t\t\t\t<h3>Tareas:<\/h3><ul><li>Formar a los participantes de nuestros cursos especializados de belleza en teor\u00eda, especialmente en f\u00edsica <\/li><li>Preparaci\u00f3n de documentos, as\u00ed como preparaci\u00f3n y seguimiento de tus propias clases<\/li><li>Realizaci\u00f3n de ex\u00e1menes te\u00f3ricos<\/li><\/ul><h3>Requisitos:<\/h3><ul><li>Conocimientos ling\u00fc\u00edsticos: Alem\u00e1n <em>y con ventaja en otros idiomas (especialmente ingl\u00e9s, franc\u00e9s, espa\u00f1ol y portugu\u00e9s) disponibles<\/em><\/li><li>Licenciatura en f\u00edsica o una materia similar y al menos 3 a\u00f1os de experiencia profesional<\/li><li>Alternativamente, un profesor con un t\u00edtulo de PH y conocimientos de f\u00edsica (radiaci\u00f3n \u00f3ptica y frecuencias) tambi\u00e9n es una opci\u00f3n<\/li><li>Buenas dotes de presentaci\u00f3n y capacidad para explicar cuestiones complejas en t\u00e9rminos sencillos<\/li><li>Al menos 2 a\u00f1os de experiencia en formaci\u00f3n de aprendices o adultos<\/li><li>Autoridad natural y paciencia<\/li><li>Formaci\u00f3n complementaria opcional como entrenador, instructor o formador en el campo de la metodolog\u00eda y la did\u00e1ctica<\/li><\/ul><h3>Te lo ofrecemos:<\/h3><ul><li>Equipo bien organizado con un ambiente de trabajo agradable<br>Condiciones laborales interesantes<\/li><li>Potencial para seguir desarroll\u00e1ndose y asumir mayores responsabilidades<\/li><li>Carga de trabajo a tiempo parcial de aprox. 10 &#8211; 30% (dependiendo de los conocimientos ling\u00fc\u00edsticos y del n\u00famero de clases)<\/li><\/ul><p>\u00bfVives en Suiza o en la UE y est\u00e1s interesado? Entonces esperamos recibir tu solicitud completa con foto por correo electr\u00f3nico para este puesto. <\/p><p><strong>Swiss Education Company, D\u00fcbendorfstrasse 2, 8051 Z\u00farich, Correo electr\u00f3nico: <a href=\"mailto:hr@sbacademy.ch\">hr@sbacademy.ch<\/a><\/strong><\/p>\t\t\t\t\t\t\t\t<\/div>\n\t\t\t\t<\/div>\n\t\t\t\t\t<\/div>\n\t\t\t\t<\/div>\n\t\t\t\t<\/div>\n\t\t","protected":false},"excerpt":{"rendered":"<p>Buscamos un nuevo empleado para nuestra escuela de cosm\u00e9tica con efecto inmediato o por acuerdo: Profesor de f\u00edsica en escuela de belleza, a tiempo parcial, h\/m La f\u00edsica en el contexto de los cursos de depilaci\u00f3n l\u00e1ser Tareas: Formar a los participantes de nuestros cursos especializados de belleza en teor\u00eda, especialmente en f\u00edsica Preparaci\u00f3n de [&hellip;]<\/p>\n","protected":false},"author":5,"featured_media":0,"parent":14742,"menu_order":0,"comment_status":"closed","ping_status":"closed","template":"","meta":{"_seopress_robots_primary_cat":"","_seopress_titles_title":"","_seopress_titles_desc":"","_seopress_robots_index":"","site-sidebar-layout":"no-sidebar","site-content-layout":"page-builder","ast-site-content-layout":"full-width-container","site-content-style":"unboxed","site-sidebar-style":"unboxed","ast-global-header-display":"","ast-banner-title-visibility":"","ast-main-header-display":"","ast-hfb-above-header-display":"","ast-hfb-below-header-display":"","ast-hfb-mobile-header-display":"","site-post-title":"disabled","ast-breadcrumbs-content":"","ast-featured-img":"disabled","footer-sml-layout":"","ast-disable-related-posts":"","theme-transparent-header-meta":"default","adv-header-id-meta":"","stick-header-meta":"","header-above-stick-meta":"","header-main-stick-meta":"","header-below-stick-meta":"","astra-migrate-meta-layouts":"default","ast-page-background-enabled":"default","ast-page-background-meta":{"desktop":{"background-color":"var(--ast-global-color-4)","background-image":"","background-repeat":"repeat","background-position":"center center","background-size":"auto","background-attachment":"scroll","background-type":"","background-media":"","overlay-type":"","overlay-color":"","overlay-opacity":"","overlay-gradient":""},"tablet":{"background-color":"","background-image":"","background-repeat":"repeat","background-position":"center center","background-size":"auto","background-attachment":"scroll","background-type":"","background-media":"","overlay-type":"","overlay-color":"","overlay-opacity":"","overlay-gradient":""},"mobile":{"background-color":"","background-image":"","background-repeat":"repeat","background-position":"center center","background-size":"auto","background-attachment":"scroll","background-type":"","background-media":"","overlay-type":"","overlay-color":"","overlay-opacity":"","overlay-gradient":""}},"ast-content-background-meta":{"desktop":{"background-color":"var(--ast-global-color-5)","background-image":"","background-repeat":"repeat","background-position":"center center","background-size":"auto","background-attachment":"scroll","background-type":"","background-media":"","overlay-type":"","overlay-color":"","overlay-opacity":"","overlay-gradient":""},"tablet":{"background-color":"var(--ast-global-color-5)","background-image":"","background-repeat":"repeat","background-position":"center center","background-size":"auto","background-attachment":"scroll","background-type":"","background-media":"","overlay-type":"","overlay-color":"","overlay-opacity":"","overlay-gradient":""},"mobile":{"background-color":"var(--ast-global-color-5)","background-image":"","background-repeat":"repeat","background-position":"center center","background-size":"auto","background-attachment":"scroll","background-type":"","background-media":"","overlay-type":"","overlay-color":"","overlay-opacity":"","overlay-gradient":""}},"footnotes":""},"class_list":["post-14935","page","type-page","status-publish","hentry"],"_links":{"self":[{"href":"https:\/\/swiss-education-company.ch\/es\/wp-json\/wp\/v2\/pages\/14935","targetHints":{"allow":["GET"]}}],"collection":[{"href":"https:\/\/swiss-education-company.ch\/es\/wp-json\/wp\/v2\/pages"}],"about":[{"href":"https:\/\/swiss-education-company.ch\/es\/wp-json\/wp\/v2\/types\/page"}],"author":[{"embeddable":true,"href":"https:\/\/swiss-education-company.ch\/es\/wp-json\/wp\/v2\/users\/5"}],"replies":[{"embeddable":true,"href":"https:\/\/swiss-education-company.ch\/es\/wp-json\/wp\/v2\/comments?post=14935"}],"version-history":[{"count":1,"href":"https:\/\/swiss-education-company.ch\/es\/wp-json\/wp\/v2\/pages\/14935\/revisions"}],"predecessor-version":[{"id":14937,"href":"https:\/\/swiss-education-company.ch\/es\/wp-json\/wp\/v2\/pages\/14935\/revisions\/14937"}],"up":[{"embeddable":true,"href":"https:\/\/swiss-education-company.ch\/es\/wp-json\/wp\/v2\/pages\/14742"}],"wp:attachment":[{"href":"https:\/\/swiss-education-company.ch\/es\/wp-json\/wp\/v2\/media?parent=14935"}],"curies":[{"name":"wp","href":"https:\/\/api.w.org\/{rel}","templated":true}]}}

Profesor de Física

<div data-elementor-type="wp-page" data-elementor-id="14935" class="elementor elementor-14935 elementor-11566" data-elementor-post-type="page">
				<div class="elementor-element elementor-element-3d335e8 e-flex e-con-boxed e-con e-parent" data-id="3d335e8" data-element_type="container" data-e-type="container">
					<div class="e-con-inner">
		<div class="elementor-element elementor-element-7d9747c3 e-con-full e-flex e-con e-child" data-id="7d9747c3" data-element_type="container" data-e-type="container">
				<div class="elementor-element elementor-element-1a81429b elementor-widget elementor-widget-text-editor" data-id="1a81429b" data-element_type="widget" data-e-type="widget" data-settings="{&quot;ekit_we_effect_on&quot;:&quot;none&quot;}" data-widget_type="text-editor.default">
				<div class="elementor-widget-container">
									<p>Buscamos un nuevo empleado para nuestra <a title="Escuela de cosmética en Zúrich" href="https://swiss-beauty-and-hair-academy.ch/kosmetikschule/">escuela de cosmética</a> con efecto inmediato o por acuerdo:</p>								</div>
				</div>
				<div class="elementor-element elementor-element-7db29959 elementor-widget elementor-widget-heading" data-id="7db29959" data-element_type="widget" data-e-type="widget" data-settings="{&quot;ekit_we_effect_on&quot;:&quot;none&quot;}" data-widget_type="heading.default">
				<div class="elementor-widget-container">
					<h1 class="elementor-heading-title elementor-size-default">Profesor de física en escuela de belleza, a tiempo parcial, h/m</h1>				</div>
				</div>
				<div class="elementor-element elementor-element-7c7de30c elementor-widget elementor-widget-text-editor" data-id="7c7de30c" data-element_type="widget" data-e-type="widget" data-settings="{&quot;ekit_we_effect_on&quot;:&quot;none&quot;}" data-widget_type="text-editor.default">
				<div class="elementor-widget-container">
									<p>La física en el contexto de los cursos de depilación láser</p>								</div>
				</div>
				</div>
		<div class="elementor-element elementor-element-6b8df77f e-con-full e-flex e-con e-child" data-id="6b8df77f" data-element_type="container" data-e-type="container">
				<div class="elementor-element elementor-element-f604069 elementor-widget elementor-widget-image" data-id="f604069" data-element_type="widget" data-e-type="widget" data-settings="{&quot;ekit_we_effect_on&quot;:&quot;none&quot;}" data-widget_type="image.default">
				<div class="elementor-widget-container">
															<img fetchpriority="high" decoding="async" width="640" height="427" src="https://swiss-education-company.ch/wp-content/uploads/2024/01/top_kosmetik-6.jpg" class="attachment-large size-large wp-image-12122" alt="" srcset="https://swiss-education-company.ch/wp-content/uploads/2024/01/top_kosmetik-6.jpg 640w, https://swiss-education-company.ch/wp-content/uploads/2024/01/top_kosmetik-6-300x200.jpg 300w" sizes="(max-width: 640px) 100vw, 640px" />															</div>
				</div>
				</div>
					</div>
				</div>
		<div class="elementor-element elementor-element-200a29bb e-flex e-con-boxed e-con e-parent" data-id="200a29bb" data-element_type="container" data-e-type="container" data-settings="{&quot;background_background&quot;:&quot;classic&quot;}">
					<div class="e-con-inner">
				<div class="elementor-element elementor-element-6f1b862a elementor-widget elementor-widget-text-editor" data-id="6f1b862a" data-element_type="widget" data-e-type="widget" data-settings="{&quot;ekit_we_effect_on&quot;:&quot;none&quot;}" data-widget_type="text-editor.default">
				<div class="elementor-widget-container">
									<h3>Tareas:</h3><ul><li>Formar a los participantes de nuestros cursos especializados de belleza en teoría, especialmente en física </li><li>Preparación de documentos, así como preparación y seguimiento de tus propias clases</li><li>Realización de exámenes teóricos</li></ul><h3>Requisitos:</h3><ul><li>Conocimientos lingüísticos: Alemán <em>y con ventaja en otros idiomas (especialmente inglés, francés, español y portugués) disponibles</em></li><li>Licenciatura en física o una materia similar y al menos 3 años de experiencia profesional</li><li>Alternativamente, un profesor con un título de PH y conocimientos de física (radiación óptica y frecuencias) también es una opción</li><li>Buenas dotes de presentación y capacidad para explicar cuestiones complejas en términos sencillos</li><li>Al menos 2 años de experiencia en formación de aprendices o adultos</li><li>Autoridad natural y paciencia</li><li>Formación complementaria opcional como entrenador, instructor o formador en el campo de la metodología y la didáctica</li></ul><h3>Te lo ofrecemos:</h3><ul><li>Equipo bien organizado con un ambiente de trabajo agradable<br>Condiciones laborales interesantes</li><li>Potencial para seguir desarrollándose y asumir mayores responsabilidades</li><li>Carga de trabajo a tiempo parcial de aprox. 10 &#8211; 30% (dependiendo de los conocimientos lingüísticos y del número de clases)</li></ul><p>¿Vives en Suiza o en la UE y estás interesado? Entonces esperamos recibir tu solicitud completa con foto por correo electrónico para este puesto. </p><p><strong>Swiss Education Company, Dübendorfstrasse 2, 8051 Zúrich, Correo electrónico: <a href="mailto:hr@sbacademy.ch">hr@sbacademy.ch</a></strong></p>								</div>
				</div>
					</div>
				</div>
				</div>

<p>Buscamos un nuevo empleado para nuestra escuela de cosmética con efecto inmediato o por acuerdo: Profesor de física en escuela de belleza, a tiempo parcial, h/m La física en el contexto de los cursos de depilación láser Tareas: Formar a los participantes de nuestros cursos especializados de belleza en teoría, especialmente en física Preparación de [&hellip;]</p>
